CRAN Package Check Results for Package capm

Last updated on 2020-11-26 02:49:24 CET.

Flavor Version Tinstall Tcheck Ttotal Status Flags
r-devel-linux-x86_64-debian-clang 0.14.0 13.52 127.84 141.36 OK
r-devel-linux-x86_64-debian-gcc 0.14.0 12.37 98.08 110.45 OK
r-devel-linux-x86_64-fedora-clang 0.14.0 175.47 NOTE
r-devel-linux-x86_64-fedora-gcc 0.14.0 167.49 NOTE
r-devel-windows-ix86+x86_64 0.14.0 31.00 153.00 184.00 OK
r-patched-linux-x86_64 0.14.0 14.61 118.16 132.77 OK
r-patched-solaris-x86 0.14.0 235.60 NOTE
r-release-linux-x86_64 0.14.0 15.07 116.94 132.01 OK
r-release-macos-x86_64 0.14.0 NOTE
r-release-windows-ix86+x86_64 0.14.0 33.00 161.00 194.00 OK
r-oldrel-macos-x86_64 0.14.0 NOTE
r-oldrel-windows-ix86+x86_64 0.14.0 21.00 107.00 128.00 OK

Check Details

Version: 0.14.0
Check: data for non-ASCII characters
Result: NOTE
     Note: found 59 marked UTF-8 strings
Flavors: r-devel-linux-x86_64-fedora-clang, r-devel-linux-x86_64-fedora-gcc, r-patched-solaris-x86, r-release-macos-x86_64, r-oldrel-macos-x86_64