CRAN Package Check Results for Package checkmate

Last updated on 2020-08-11 02:47:09 CEST.

Flavor Version Tinstall Tcheck Ttotal Status Flags
r-devel-linux-x86_64-debian-clang 2.0.0 10.41 75.22 85.63 OK
r-devel-linux-x86_64-debian-gcc 2.0.0 7.73 56.12 63.85 OK
r-devel-linux-x86_64-fedora-clang 2.0.0 105.66 OK
r-devel-linux-x86_64-fedora-gcc 2.0.0 100.32 OK
r-devel-windows-ix86+x86_64 2.0.0 34.00 144.00 178.00 OK
r-patched-linux-x86_64 2.0.0 8.82 73.63 82.45 OK
r-patched-solaris-x86 2.0.0 125.80 ERROR
r-release-linux-x86_64 2.0.0 9.08 73.28 82.36 OK
r-release-macos-x86_64 2.0.0 OK
r-release-windows-ix86+x86_64 2.0.0 42.00 153.00 195.00 OK
r-oldrel-macos-x86_64 2.0.0 OK
r-oldrel-windows-ix86+x86_64 2.0.0 66.00 104.00 170.00 OK

Check Details

Version: 2.0.0
Check: tests
Result: ERROR
     Running ‘test-all.R’ [16s/17s]
    Running the tests in ‘tests/test-all.R’ failed.
    Complete output:
     > library(testthat)
     > test_check("checkmate")
     Loading required package: checkmate
     ── 1. Failure: checkNames (@test_checkNames.R#34) ─────────────────────────────
     testNames("ä", type = "strict") isn't false.
    
     ── 2. Failure: checkNames (@test_checkNames.R#35) ─────────────────────────────
     testNames("ä", type = "ids") isn't false.
    
     ══ testthat results ═══════════════════════════════════════════════════════════
     [ OK: 2899 | SKIPPED: 1 | WARNINGS: 0 | FAILED: 2 ]
     1. Failure: checkNames (@test_checkNames.R#34)
     2. Failure: checkNames (@test_checkNames.R#35)
    
     Error: testthat unit tests failed
     Execution halted
Flavor: r-patched-solaris-x86