Last updated on 2023-02-09 02:53:07 CET.
Flavor | Version | Tinstall | Tcheck | Ttotal | Status | Flags |
---|---|---|---|---|---|---|
r-devel-linux-x86_64-debian-clang | 0.8.0 | 7.03 | 56.57 | 63.60 | OK | |
r-devel-linux-x86_64-debian-gcc | 0.8.0 | 5.82 | 42.85 | 48.67 | OK | |
r-devel-linux-x86_64-fedora-clang | 0.8.0 | 89.60 | NOTE | |||
r-devel-linux-x86_64-fedora-gcc | 0.8.0 | 77.54 | NOTE | |||
r-devel-windows-x86_64 | 0.8.0 | 37.00 | 98.00 | 135.00 | OK | |
r-patched-linux-x86_64 | 0.8.0 | 8.60 | 54.69 | 63.29 | OK | |
r-release-linux-x86_64 | 0.8.0 | 6.71 | 54.82 | 61.53 | OK | |
r-release-macos-arm64 | 0.8.0 | 25.00 | NOTE | |||
r-release-macos-x86_64 | 0.8.0 | 49.00 | NOTE | |||
r-release-windows-x86_64 | 0.8.0 | 53.00 | 95.00 | 148.00 | OK | |
r-oldrel-macos-arm64 | 0.8.0 | 23.00 | NOTE | |||
r-oldrel-macos-x86_64 | 0.8.0 | 38.00 | NOTE | |||
r-oldrel-windows-ix86+x86_64 | 0.8.0 | 20.00 | 86.00 | 106.00 | ERROR |
Version: 0.8.0
Check: dependencies in R code
Result: NOTE
Namespace in Imports field not imported from: ‘gamlss.dist’
All declared Imports should be used.
Flavors: r-devel-linux-x86_64-fedora-clang, r-devel-linux-x86_64-fedora-gcc, r-release-macos-arm64, r-release-macos-x86_64, r-oldrel-macos-arm64, r-oldrel-macos-x86_64
Version: 0.8.0
Check: data for non-ASCII characters
Result: NOTE
Note: found 32 marked UTF-8 strings
Flavors: r-devel-linux-x86_64-fedora-clang, r-devel-linux-x86_64-fedora-gcc, r-release-macos-arm64, r-release-macos-x86_64, r-oldrel-macos-arm64, r-oldrel-macos-x86_64
Version: 0.8.0
Check: PDF version of manual
Result: WARN
LaTeX errors when creating PDF version.
This typically indicates Rd problems.
LaTeX errors found:
! Package inputenc Error: Unicode char  (U+FEFF)
(inputenc) not set up for use with LaTeX.
See the inputenc package documentation for explanation.
Type H <return> for immediate help.
! Package inputenc Error: Unicode char  (U+FEFF)
(inputenc) not set up for use with LaTeX.
See the inputenc package documentation for explanation.
Type H <return> for immediate help.
Flavor: r-oldrel-windows-ix86+x86_64
Version: 0.8.0
Check: PDF version of manual without hyperrefs or index
Result: ERROR
Flavor: r-oldrel-windows-ix86+x86_64