CRAN Package Check Results for Package chunkhooks

Last updated on 2022-10-04 02:54:36 CEST.

Flavor Version Tinstall Tcheck Ttotal Status Flags
r-devel-linux-x86_64-debian-clang 0.0.1 2.28 28.25 30.53 NOTE
r-devel-linux-x86_64-debian-gcc 0.0.1 1.70 22.09 23.79 NOTE
r-devel-linux-x86_64-fedora-clang 0.0.1 50.97 NOTE
r-devel-linux-x86_64-fedora-gcc 0.0.1 46.30 NOTE
r-devel-windows-x86_64 0.0.1 13.00 65.00 78.00 NOTE
r-patched-linux-x86_64 0.0.1 1.77 27.92 29.69 NOTE
r-release-linux-x86_64 0.0.1 2.04 26.86 28.90 NOTE
r-release-macos-arm64 0.0.1 20.00 NOTE
r-release-macos-x86_64 0.0.1 24.00 NOTE
r-release-windows-x86_64 0.0.1 17.00 62.00 79.00 NOTE
r-oldrel-macos-arm64 0.0.1 21.00 NOTE
r-oldrel-macos-x86_64 0.0.1 31.00 NOTE
r-oldrel-windows-ix86+x86_64 0.0.1 6.00 52.00 58.00 NOTE

Check Details

Version: 0.0.1
Check: LazyData
Result: NOTE
     'LazyData' is specified without a 'data' directory
Flavors: r-devel-linux-x86_64-debian-clang, r-devel-linux-x86_64-debian-gcc, r-devel-linux-x86_64-fedora-clang, r-devel-linux-x86_64-fedora-gcc, r-devel-windows-x86_64, r-patched-linux-x86_64, r-release-linux-x86_64, r-release-macos-arm64, r-release-macos-x86_64, r-release-windows-x86_64, r-oldrel-macos-arm64, r-oldrel-macos-x86_64, r-oldrel-windows-ix86+x86_64