CRAN Package Check Results for Package ciTools

Last updated on 2023-03-21 02:56:20 CET.

Flavor Version Tinstall Tcheck Ttotal Status Flags
r-devel-linux-x86_64-debian-clang 0.6.1 NOTE
r-devel-linux-x86_64-debian-gcc 0.6.1 10.57 248.78 259.35 NOTE
r-devel-linux-x86_64-fedora-clang 0.6.1 408.76 NOTE
r-devel-linux-x86_64-fedora-gcc 0.6.1 406.67 NOTE
r-devel-windows-x86_64 0.6.1 129.00 359.00 488.00 NOTE
r-patched-linux-x86_64 0.6.1 12.57 306.78 319.35 NOTE
r-release-linux-x86_64 0.6.1 12.19 301.55 313.74 NOTE
r-release-macos-arm64 0.6.1 130.00 NOTE
r-release-macos-x86_64 0.6.1 233.00 NOTE
r-release-windows-x86_64 0.6.1 99.00 332.00 431.00 NOTE
r-oldrel-macos-arm64 0.6.1 175.00 NOTE
r-oldrel-macos-x86_64 0.6.1 275.00 NOTE
r-oldrel-windows-ix86+x86_64 0.6.1 30.00 337.00 367.00 NOTE

Check Details

Version: 0.6.1
Check: LazyData
Result: NOTE
     'LazyData' is specified without a 'data' directory
Flavors: r-devel-linux-x86_64-debian-clang, r-devel-linux-x86_64-debian-gcc, r-devel-linux-x86_64-fedora-clang, r-devel-linux-x86_64-fedora-gcc, r-devel-windows-x86_64, r-patched-linux-x86_64, r-release-linux-x86_64, r-release-macos-arm64, r-release-macos-x86_64, r-release-windows-x86_64, r-oldrel-macos-arm64, r-oldrel-macos-x86_64, r-oldrel-windows-ix86+x86_64