CRAN Package Check Results for Package cld2

Last updated on 2022-12-01 04:00:28 CET.

Flavor Version Tinstall Tcheck Ttotal Status Flags
r-devel-linux-x86_64-debian-clang 1.2.4 39.32 30.20 69.52 OK
r-devel-linux-x86_64-debian-gcc 1.2.4 26.76 23.56 50.32 OK
r-devel-linux-x86_64-fedora-clang 1.2.4 113.67 OK
r-devel-linux-x86_64-fedora-gcc 1.2.4 101.58 OK
r-devel-windows-x86_64 1.2.4 62.00 80.00 142.00 OK
r-patched-linux-x86_64 1.2.4 29.86 28.50 58.36 OK
r-release-linux-x86_64 1.2.4 26.88 29.30 56.18 OK
r-release-macos-arm64 1.2.4 37.00 OK
r-release-macos-x86_64 1.2.4 40.00 OK
r-release-windows-x86_64 1.2.4 56.00 81.00 137.00 OK
r-oldrel-macos-arm64 1.2.4 40.00 OK
r-oldrel-macos-x86_64 1.2.4 43.00 OK
r-oldrel-windows-ix86+x86_64 1.2.4 92.00 83.00 175.00 NOTE

Check Details

Version: 1.2.4
Check: installed package size
Result: NOTE
     installed size is 5.4Mb
     sub-directories of 1Mb or more:
     libs 5.4Mb
Flavor: r-oldrel-windows-ix86+x86_64