CRAN Package Check Results for Package climate

Last updated on 2020-11-28 02:48:53 CET.

Flavor Version Tinstall Tcheck Ttotal Status Flags
r-devel-linux-x86_64-debian-clang 0.9.8 6.72 44.87 51.59 WARN
r-devel-linux-x86_64-debian-gcc 0.9.8 5.07 38.98 44.05 OK
r-devel-linux-x86_64-fedora-clang 0.9.8 78.22 OK
r-devel-linux-x86_64-fedora-gcc 0.9.8 67.66 OK
r-devel-windows-ix86+x86_64 0.9.8 10.00 88.00 98.00 OK
r-patched-linux-x86_64 0.9.8 6.47 48.71 55.18 OK
r-patched-solaris-x86 0.9.8 90.30 OK
r-release-linux-x86_64 0.9.8 7.24 48.58 55.82 OK
r-release-macos-x86_64 0.9.8 OK
r-release-windows-ix86+x86_64 0.9.8 11.00 100.00 111.00 OK
r-oldrel-macos-x86_64 0.9.8 OK
r-oldrel-windows-ix86+x86_64 0.9.8 9.00 114.00 123.00 OK

Check Details

Version: 0.9.8
Check: re-building of vignette outputs
Result: WARN
    Error(s) in re-building vignettes:
     ...
    --- re-building 'getstarted.Rmd' using rmarkdown
    
     [5%] Downloaded 1185 bytes...
     [71%] Downloaded 14217 bytes...
     [85%] Downloaded 17113 bytes...
     [100%] Downloaded 19920 bytes...
    
     [9%] Downloaded 1185 bytes...
     [100%] Downloaded 12935 bytes...
    
     [100%] Downloaded 457 bytes...
    
     [100%] Downloaded 3337 bytes...
    
     [84%] Downloaded 1123 bytes...
     [100%] Downloaded 1325 bytes...
    
     [100%] Downloaded 6681 bytes...
    
     [6%] Downloaded 14146 bytes...
     [14%] Downloaded 30466 bytes...
     [20%] Downloaded 43106 bytes...
     [27%] Downloaded 59426 bytes...
     [34%] Downloaded 73514 bytes...
     [36%] Downloaded 77858 bytes...
     [43%] Downloaded 94178 bytes...
     [51%] Downloaded 110498 bytes...
     [59%] Downloaded 126818 bytes...
     [66%] Downloaded 143138 bytes...
     [74%] Downloaded 159458 bytes...
     [81%] Downloaded 175778 bytes...
     [89%] Downloaded 192098 bytes...
     [97%] Downloaded 208418 bytes...
     [100%] Downloaded 214780 bytes...
    Quitting from lines 144-163 (getstarted.Rmd)
    Error: processing vignette 'getstarted.Rmd' failed with diagnostics:
    'names' attribute [60] must be the same length as the vector [2]
    --- failed re-building 'getstarted.Rmd'
    
    SUMMARY: processing the following file failed:
     'getstarted.Rmd'
    
    Error: Vignette re-building failed.
    Execution halted
Flavor: r-devel-linux-x86_64-debian-clang