CRAN Package Check Results for Package clusternomics

Last updated on 2022-07-04 02:53:27 CEST.

Flavor Version Tinstall Tcheck Ttotal Status Flags
r-devel-linux-x86_64-debian-clang 0.1.1 4.34 767.19 771.53 NOTE
r-devel-linux-x86_64-debian-gcc 0.1.1 2.61 562.69 565.30 NOTE
r-devel-linux-x86_64-fedora-clang 0.1.1 844.70 NOTE
r-devel-linux-x86_64-fedora-gcc 0.1.1 1016.31 NOTE
r-devel-windows-x86_64 0.1.1 57.00 45.00 102.00 NOTE --no-examples --no-tests --no-vignettes
r-patched-linux-x86_64 0.1.1 4.49 761.55 766.04 NOTE
r-release-linux-x86_64 0.1.1 4.30 742.60 746.90 NOTE
r-release-macos-arm64 0.1.1 136.00 NOTE
r-release-macos-x86_64 0.1.1 229.00 NOTE
r-release-windows-x86_64 0.1.1 28.00 47.00 75.00 NOTE --no-examples --no-tests --no-vignettes
r-oldrel-macos-arm64 0.1.1 179.00 NOTE
r-oldrel-macos-x86_64 0.1.1 418.00 NOTE
r-oldrel-windows-ix86+x86_64 0.1.1 9.00 39.00 48.00 NOTE --no-examples --no-tests --no-vignettes

Check Details

Version: 0.1.1
Check: LazyData
Result: NOTE
     'LazyData' is specified without a 'data' directory
Flavors: r-devel-linux-x86_64-debian-clang, r-devel-linux-x86_64-debian-gcc, r-devel-linux-x86_64-fedora-clang, r-devel-linux-x86_64-fedora-gcc, r-patched-linux-x86_64, r-release-linux-x86_64, r-release-macos-arm64, r-release-macos-x86_64, r-oldrel-macos-arm64, r-oldrel-macos-x86_64

Version: 0.1.1
Flags: --no-examples --no-tests --no-vignettes
Check: LazyData
Result: NOTE
     'LazyData' is specified without a 'data' directory
Flavors: r-devel-windows-x86_64, r-release-windows-x86_64, r-oldrel-windows-ix86+x86_64