Last updated on 2023-06-10 02:50:28 CEST.
Flavor | Version | Tinstall | Tcheck | Ttotal | Status | Flags |
---|---|---|---|---|---|---|
r-devel-linux-x86_64-debian-clang | 0.9.2 | 8.24 | 201.48 | 209.72 | NOTE | |
r-devel-linux-x86_64-debian-gcc | 0.9.2 | 5.28 | 152.09 | 157.37 | NOTE | |
r-devel-linux-x86_64-fedora-clang | 0.9.2 | 228.52 | NOTE | |||
r-devel-linux-x86_64-fedora-gcc | 0.9.2 | 305.11 | NOTE | |||
r-devel-windows-x86_64 | 0.9.2 | 8.00 | 177.00 | 185.00 | NOTE | |
r-patched-linux-x86_64 | 0.9.2 | 6.91 | 190.63 | 197.54 | NOTE | |
r-release-linux-x86_64 | 0.9.2 | 4.76 | 191.98 | 196.74 | NOTE | |
r-release-macos-arm64 | 0.9.2 | 97.00 | NOTE | |||
r-release-macos-x86_64 | 0.9.2 | 236.00 | NOTE | |||
r-release-windows-x86_64 | 0.9.2 | 11.00 | 216.00 | 227.00 | NOTE | |
r-oldrel-macos-arm64 | 0.9.2 | 91.00 | NOTE | |||
r-oldrel-macos-x86_64 | 0.9.2 | 142.00 | NOTE | |||
r-oldrel-windows-x86_64 | 0.9.2 | 11.00 | 220.00 | 231.00 | NOTE |
Version: 0.9.2
Check: package dependencies
Result: NOTE
Package suggested but not available for checking: ‘userfriendlyscience’
Flavors: r-devel-linux-x86_64-debian-clang, r-devel-linux-x86_64-debian-gcc, r-devel-linux-x86_64-fedora-clang, r-devel-linux-x86_64-fedora-gcc, r-devel-windows-x86_64, r-patched-linux-x86_64, r-release-linux-x86_64, r-release-macos-arm64, r-release-macos-x86_64, r-release-windows-x86_64, r-oldrel-macos-arm64, r-oldrel-macos-x86_64, r-oldrel-windows-x86_64
Version: 0.9.2
Check: dependencies in R code
Result: NOTE
Namespaces in Imports field not imported from:
‘graphics’ ‘jsonlite’ ‘rlang’ ‘tidyselect’ ‘vctrs’
All declared Imports should be used.
Flavors: r-devel-linux-x86_64-fedora-clang, r-devel-linux-x86_64-fedora-gcc, r-oldrel-macos-arm64, r-oldrel-macos-x86_64
Version: 0.9.2
Check: data for non-ASCII characters
Result: NOTE
Note: found 65 marked UTF-8 strings
Flavors: r-devel-linux-x86_64-fedora-clang, r-devel-linux-x86_64-fedora-gcc, r-oldrel-macos-arm64, r-oldrel-macos-x86_64