CRAN Package Check Results for Package cognitoR

Last updated on 2022-10-04 02:54:37 CEST.

Flavor Version Tinstall Tcheck Ttotal Status Flags
r-devel-linux-x86_64-debian-clang 1.0.2 7.49 62.82 70.31 NOTE
r-devel-linux-x86_64-debian-gcc 1.0.2 5.54 46.89 52.43 NOTE
r-devel-linux-x86_64-fedora-clang 1.0.2 102.70 NOTE
r-devel-linux-x86_64-fedora-gcc 1.0.2 93.26 NOTE
r-devel-windows-x86_64 1.0.2 21.00 91.00 112.00 NOTE
r-patched-linux-x86_64 1.0.2 4.04 58.37 62.41 NOTE
r-release-linux-x86_64 1.0.2 4.59 58.49 63.08 NOTE
r-release-macos-arm64 1.0.2 28.00 NOTE
r-release-macos-x86_64 1.0.2 45.00 NOTE
r-release-windows-x86_64 1.0.2 26.00 90.00 116.00 NOTE
r-oldrel-macos-arm64 1.0.2 32.00 NOTE
r-oldrel-macos-x86_64 1.0.2 48.00 NOTE
r-oldrel-windows-ix86+x86_64 1.0.2 17.00 82.00 99.00 NOTE

Check Details

Version: 1.0.2
Check: LazyData
Result: NOTE
     'LazyData' is specified without a 'data' directory
Flavors: r-devel-linux-x86_64-debian-clang, r-devel-linux-x86_64-debian-gcc, r-devel-linux-x86_64-fedora-clang, r-devel-linux-x86_64-fedora-gcc, r-devel-windows-x86_64, r-patched-linux-x86_64, r-release-linux-x86_64, r-release-macos-arm64, r-release-macos-x86_64, r-release-windows-x86_64, r-oldrel-macos-arm64, r-oldrel-macos-x86_64, r-oldrel-windows-ix86+x86_64

Version: 1.0.2
Check: dependencies in R code
Result: NOTE
    Namespace in Imports field not imported from: ‘yaml’
     All declared Imports should be used.
Flavors: r-devel-linux-x86_64-fedora-clang, r-devel-linux-x86_64-fedora-gcc, r-release-macos-arm64, r-release-macos-x86_64, r-oldrel-macos-arm64, r-oldrel-macos-x86_64