Last updated on 2023-01-28 02:57:14 CET.
Flavor | Version | Tinstall | Tcheck | Ttotal | Status | Flags |
---|---|---|---|---|---|---|
r-devel-linux-x86_64-debian-clang | 0.1.9 | 6.80 | 74.06 | 80.86 | OK | |
r-devel-linux-x86_64-debian-gcc | 0.1.9 | 5.19 | 55.55 | 60.74 | OK | |
r-devel-linux-x86_64-fedora-clang | 0.1.9 | 107.38 | NOTE | |||
r-devel-linux-x86_64-fedora-gcc | 0.1.9 | 107.43 | OK | |||
r-devel-windows-x86_64 | 0.1.9 | 41.00 | 101.00 | 142.00 | NOTE | |
r-patched-linux-x86_64 | 0.1.9 | 6.09 | 71.83 | 77.92 | OK | |
r-release-linux-x86_64 | 0.1.9 | 6.03 | 72.61 | 78.64 | OK | |
r-release-macos-arm64 | 0.1.9 | 34.00 | NOTE | |||
r-release-macos-x86_64 | 0.1.9 | 62.00 | NOTE | |||
r-release-windows-x86_64 | 0.1.9 | 53.00 | 108.00 | 161.00 | NOTE | |
r-oldrel-macos-arm64 | 0.1.9 | 50.00 | NOTE | |||
r-oldrel-macos-x86_64 | 0.1.9 | 59.00 | NOTE | |||
r-oldrel-windows-ix86+x86_64 | 0.1.9 | 16.00 | 98.00 | 114.00 | NOTE |
Version: 0.1.9
Check: installed package size
Result: NOTE
installed size is 5.2Mb
sub-directories of 1Mb or more:
doc 4.9Mb
Flavors: r-devel-linux-x86_64-fedora-clang, r-devel-windows-x86_64, r-release-macos-arm64, r-release-macos-x86_64, r-release-windows-x86_64, r-oldrel-macos-arm64, r-oldrel-macos-x86_64, r-oldrel-windows-ix86+x86_64