Last updated on 2021-03-04 02:48:06 CET.
Flavor | Version | Tinstall | Tcheck | Ttotal | Status | Flags |
---|---|---|---|---|---|---|
r-devel-linux-x86_64-debian-clang | 0.3.7 | 94.98 | 35.58 | 130.56 | OK | |
r-devel-linux-x86_64-debian-gcc | 0.3.7 | 65.55 | 27.61 | 93.16 | OK | |
r-devel-linux-x86_64-fedora-clang | 0.3.7 | 196.05 | NOTE | |||
r-devel-linux-x86_64-fedora-gcc | 0.3.7 | 168.77 | OK | |||
r-devel-windows-ix86+x86_64 | 0.3.7 | 211.00 | 84.00 | 295.00 | OK | |
r-patched-linux-x86_64 | 0.3.7 | 74.96 | 34.43 | 109.39 | OK | |
r-patched-solaris-x86 | 0.3.7 | 167.80 | OK | |||
r-release-linux-x86_64 | 0.3.7 | 74.40 | 34.35 | 108.75 | OK | |
r-release-macos-x86_64 | 0.3.7 | NOTE | ||||
r-release-windows-ix86+x86_64 | 0.3.7 | 216.00 | 75.00 | 291.00 | OK | |
r-oldrel-macos-x86_64 | 0.3.7 | NOTE | ||||
r-oldrel-windows-ix86+x86_64 | 0.3.7 | 180.00 | 82.00 | 262.00 | OK |
Version: 0.3.7
Check: installed package size
Result: NOTE
installed size is 7.9Mb
sub-directories of 1Mb or more:
libs 6.6Mb
Flavors: r-devel-linux-x86_64-fedora-clang, r-release-macos-x86_64, r-oldrel-macos-x86_64