CRAN Package Check Results for Package condir

Last updated on 2022-08-08 03:55:39 CEST.

Flavor Version Tinstall Tcheck Ttotal Status Flags
r-devel-linux-x86_64-debian-clang 0.1.3 3.33 40.12 43.45 NOTE
r-devel-linux-x86_64-debian-gcc 0.1.3 2.44 31.64 34.08 NOTE
r-devel-linux-x86_64-fedora-clang 0.1.3 63.72 NOTE
r-devel-linux-x86_64-fedora-gcc 0.1.3 61.69 NOTE
r-devel-windows-x86_64 0.1.3 11.00 66.00 77.00 NOTE
r-patched-linux-x86_64 0.1.3 3.17 39.36 42.53 NOTE
r-release-linux-x86_64 0.1.3 NOTE
r-release-macos-arm64 0.1.3 21.00 NOTE
r-release-macos-x86_64 0.1.3 38.00 NOTE
r-release-windows-x86_64 0.1.3 16.00 68.00 84.00 NOTE
r-oldrel-macos-arm64 0.1.3 26.00 NOTE
r-oldrel-macos-x86_64 0.1.3 37.00 NOTE
r-oldrel-windows-ix86+x86_64 0.1.3 7.00 61.00 68.00 NOTE

Check Details

Version: 0.1.3
Check: LazyData
Result: NOTE
     'LazyData' is specified without a 'data' directory
Flavors: r-devel-linux-x86_64-debian-clang, r-devel-linux-x86_64-debian-gcc, r-devel-linux-x86_64-fedora-clang, r-devel-linux-x86_64-fedora-gcc, r-devel-windows-x86_64, r-patched-linux-x86_64, r-release-linux-x86_64, r-release-macos-arm64, r-release-macos-x86_64, r-release-windows-x86_64, r-oldrel-macos-arm64, r-oldrel-macos-x86_64, r-oldrel-windows-ix86+x86_64