CRAN Package Check Results for Package conflr

Last updated on 2022-09-29 02:49:37 CEST.

Flavor Version Tinstall Tcheck Ttotal Status Flags
r-devel-linux-x86_64-debian-clang 0.1.1 3.45 35.74 39.19 NOTE
r-devel-linux-x86_64-debian-gcc 0.1.1 2.82 27.64 30.46 NOTE
r-devel-linux-x86_64-fedora-clang 0.1.1 62.54 NOTE
r-devel-linux-x86_64-fedora-gcc 0.1.1 80.88 NOTE
r-devel-windows-x86_64 0.1.1 12.00 70.00 82.00 NOTE
r-patched-linux-x86_64 0.1.1 4.25 34.11 38.36 NOTE
r-release-linux-x86_64 0.1.1 3.51 34.18 37.69 NOTE
r-release-macos-arm64 0.1.1 47.00 NOTE
r-release-macos-x86_64 0.1.1 71.00 NOTE
r-release-windows-x86_64 0.1.1 16.00 70.00 86.00 NOTE
r-oldrel-macos-arm64 0.1.1 25.00 NOTE
r-oldrel-macos-x86_64 0.1.1 38.00 NOTE
r-oldrel-windows-ix86+x86_64 0.1.1 10.00 67.00 77.00 NOTE

Check Details

Version: 0.1.1
Check: LazyData
Result: NOTE
     'LazyData' is specified without a 'data' directory
Flavors: r-devel-linux-x86_64-debian-clang, r-devel-linux-x86_64-debian-gcc, r-devel-linux-x86_64-fedora-clang, r-devel-linux-x86_64-fedora-gcc, r-devel-windows-x86_64, r-patched-linux-x86_64, r-release-linux-x86_64, r-release-macos-arm64, r-release-macos-x86_64, r-release-windows-x86_64, r-oldrel-macos-arm64, r-oldrel-macos-x86_64, r-oldrel-windows-ix86+x86_64

Version: 0.1.1
Check: dependencies in R code
Result: NOTE
    Namespace in Imports field not imported from: ‘R6’
     All declared Imports should be used.
Flavors: r-devel-linux-x86_64-fedora-clang, r-devel-linux-x86_64-fedora-gcc, r-release-macos-arm64, r-release-macos-x86_64, r-oldrel-macos-arm64, r-oldrel-macos-x86_64