Last updated on 2022-07-04 02:53:28 CEST.
Flavor | Version | Tinstall | Tcheck | Ttotal | Status | Flags |
---|---|---|---|---|---|---|
r-devel-linux-x86_64-debian-clang | 0.2.2 | 6.16 | 57.60 | 63.76 | OK | |
r-devel-linux-x86_64-debian-gcc | 0.2.2 | 4.25 | 42.93 | 47.18 | OK | |
r-devel-linux-x86_64-fedora-clang | 0.2.2 | 85.54 | NOTE | |||
r-devel-linux-x86_64-fedora-gcc | 0.2.2 | 82.78 | NOTE | |||
r-devel-windows-x86_64 | 0.2.2 | 27.00 | 87.00 | 114.00 | OK | |
r-patched-linux-x86_64 | 0.2.2 | 5.22 | 53.75 | 58.97 | OK | |
r-release-linux-x86_64 | 0.2.2 | 6.30 | 53.01 | 59.31 | OK | |
r-release-macos-arm64 | 0.2.2 | 30.00 | NOTE | |||
r-release-macos-x86_64 | 0.2.2 | 55.00 | NOTE | |||
r-release-windows-x86_64 | 0.2.2 | 58.00 | 90.00 | 148.00 | OK | |
r-oldrel-macos-arm64 | 0.2.2 | 28.00 | NOTE | |||
r-oldrel-macos-x86_64 | 0.2.2 | 37.00 | NOTE | |||
r-oldrel-windows-ix86+x86_64 | 0.2.2 | 16.00 | 78.00 | 94.00 | OK |
Version: 0.2.2
Check: data for non-ASCII characters
Result: NOTE
Note: found 3 marked UTF-8 strings
Flavors: r-devel-linux-x86_64-fedora-clang, r-devel-linux-x86_64-fedora-gcc, r-release-macos-arm64, r-release-macos-x86_64, r-oldrel-macos-arm64, r-oldrel-macos-x86_64