CRAN Package Check Results for Package convey

Last updated on 2023-02-09 02:53:07 CET.

Flavor Version Tinstall Tcheck Ttotal Status Flags
r-devel-linux-x86_64-debian-clang 0.2.5 16.38 209.67 226.05 OK
r-devel-linux-x86_64-debian-gcc 0.2.5 12.39 156.82 169.21 OK
r-devel-linux-x86_64-fedora-clang 0.2.5 266.52 OK
r-devel-linux-x86_64-fedora-gcc 0.2.5 274.75 OK
r-devel-windows-x86_64 0.2.5 40.00 258.00 298.00 OK
r-patched-linux-x86_64 0.2.5 15.15 201.96 217.11 OK
r-release-linux-x86_64 0.2.5 15.53 195.14 210.67 OK
r-release-macos-arm64 0.2.5 70.00 OK
r-release-macos-x86_64 0.2.5 114.00 OK
r-release-windows-x86_64 0.2.5 35.00 262.00 297.00 OK
r-oldrel-macos-arm64 0.2.4 74.00 NOTE
r-oldrel-macos-x86_64 0.2.4 100.00 OK
r-oldrel-windows-ix86+x86_64 0.2.4 18.00 180.00 198.00 OK

Check Details

Version: 0.2.4
Check: package dependencies
Result: NOTE
    Package suggested but not available for checking: ‘RODBC’
Flavor: r-oldrel-macos-arm64