CRAN Package Check Results for Package corpora

Last updated on 2022-10-03 03:54:59 CEST.

Flavor Version Tinstall Tcheck Ttotal Status Flags
r-devel-linux-x86_64-debian-clang 0.5-1 4.11 35.67 39.78 NOTE
r-devel-linux-x86_64-debian-gcc 0.5-1 3.46 28.08 31.54 NOTE
r-devel-linux-x86_64-fedora-clang 0.5-1 64.13 NOTE
r-devel-linux-x86_64-fedora-gcc 0.5-1 59.21 NOTE
r-devel-windows-x86_64 0.5-1 31.00 70.00 101.00 NOTE
r-patched-linux-x86_64 0.5-1 5.42 35.25 40.67 OK
r-release-linux-x86_64 0.5-1 3.86 34.45 38.31 OK
r-release-macos-arm64 0.5-1 22.00 NOTE
r-release-macos-x86_64 0.5-1 28.00 NOTE
r-release-windows-x86_64 0.5-1 13.00 58.00 71.00 OK
r-oldrel-macos-arm64 0.5-1 25.00 NOTE
r-oldrel-macos-x86_64 0.5-1 34.00 NOTE
r-oldrel-windows-ix86+x86_64 0.5-1 9.00 52.00 61.00 OK

Check Details

Version: 0.5-1
Check: Rd files
Result: NOTE
    checkRd: (-1) BrownBigrams.Rd:14: Escaped LaTeX specials: \&
    checkRd: (-1) BrownLOBPassives.Rd:14: Escaped LaTeX specials: \&
    checkRd: (-1) BrownPassives.Rd:14: Escaped LaTeX specials: \&
    checkRd: (-1) BrownStats.Rd:14: Escaped LaTeX specials: \&
    checkRd: (-1) KrennPPV.Rd:19: Escaped LaTeX specials: \&
    checkRd: (-1) KrennPPV.Rd:74: Escaped LaTeX specials: \&
Flavors: r-devel-linux-x86_64-debian-clang, r-devel-linux-x86_64-debian-gcc, r-devel-linux-x86_64-fedora-clang, r-devel-linux-x86_64-fedora-gcc, r-devel-windows-x86_64

Version: 0.5-1
Check: data for non-ASCII characters
Result: NOTE
     Note: found 1187 marked UTF-8 strings
Flavors: r-devel-linux-x86_64-fedora-clang, r-devel-linux-x86_64-fedora-gcc, r-release-macos-arm64, r-release-macos-x86_64, r-oldrel-macos-arm64, r-oldrel-macos-x86_64