CRAN Package Check Results for Package corporaexplorer

Last updated on 2020-06-04 02:47:57 CEST.

Flavor Version Tinstall Tcheck Ttotal Status Flags
r-devel-linux-x86_64-debian-clang 0.8.2 3.52 41.26 44.78 OK
r-devel-linux-x86_64-debian-gcc 0.8.2 2.82 30.66 33.48 OK
r-devel-linux-x86_64-fedora-clang 0.8.2 60.89 NOTE
r-devel-linux-x86_64-fedora-gcc 0.8.2 49.48 NOTE
r-devel-windows-ix86+x86_64 0.8.2 27.00 77.00 104.00 OK
r-patched-linux-x86_64 0.8.2 3.53 39.07 42.60 OK
r-patched-solaris-x86 0.8.2 73.40 NOTE
r-release-linux-x86_64 0.8.2 3.90 39.34 43.24 OK
r-release-osx-x86_64 0.8.2 NOTE
r-release-windows-ix86+x86_64 0.8.2 10.00 50.00 60.00 OK
r-oldrel-osx-x86_64 0.8.2 NOTE
r-oldrel-windows-ix86+x86_64 0.8.2 15.00 69.00 84.00 OK

Check Details

Version: 0.8.2
Check: dependencies in R code
Result: NOTE
    Namespaces in Imports field not imported from:
     ‘RColorBrewer’ ‘ggplot2’ ‘rmarkdown’ ‘shinyWidgets’ ‘shinydashboard’
     ‘shinyjs’
     All declared Imports should be used.
Flavors: r-devel-linux-x86_64-fedora-clang, r-devel-linux-x86_64-fedora-gcc, r-patched-solaris-x86, r-release-osx-x86_64, r-oldrel-osx-x86_64