CRAN Package Check Results for Package correlbinom

Last updated on 2022-09-27 02:54:10 CEST.

Flavor Version Tinstall Tcheck Ttotal Status Flags
r-devel-linux-x86_64-debian-clang 0.0.1 4.03 44.10 48.13 NOTE
r-devel-linux-x86_64-debian-gcc 0.0.1 2.82 33.60 36.42 NOTE
r-devel-linux-x86_64-fedora-clang 0.0.1 74.12 NOTE
r-devel-linux-x86_64-fedora-gcc 0.0.1 67.10 NOTE
r-devel-windows-x86_64 0.0.1 11.00 74.00 85.00 NOTE
r-patched-linux-x86_64 0.0.1 3.81 42.53 46.34 NOTE
r-release-linux-x86_64 0.0.1 4.35 42.62 46.97 NOTE
r-release-macos-arm64 0.0.1 20.00 NOTE
r-release-macos-x86_64 0.0.1 29.00 NOTE
r-release-windows-x86_64 0.0.1 9.00 74.00 83.00 NOTE
r-oldrel-macos-arm64 0.0.1 27.00 NOTE
r-oldrel-macos-x86_64 0.0.1 42.00 NOTE
r-oldrel-windows-ix86+x86_64 0.0.1 10.00 65.00 75.00 NOTE

Check Details

Version: 0.0.1
Check: LazyData
Result: NOTE
     'LazyData' is specified without a 'data' directory
Flavors: r-devel-linux-x86_64-debian-clang, r-devel-linux-x86_64-debian-gcc, r-devel-linux-x86_64-fedora-clang, r-devel-linux-x86_64-fedora-gcc, r-devel-windows-x86_64, r-patched-linux-x86_64, r-release-linux-x86_64, r-release-macos-arm64, r-release-macos-x86_64, r-release-windows-x86_64, r-oldrel-macos-arm64, r-oldrel-macos-x86_64, r-oldrel-windows-ix86+x86_64