CRAN Package Check Results for Package corrplot

Last updated on 2022-08-08 03:55:39 CEST.

Flavor Version Tinstall Tcheck Ttotal Status Flags
r-devel-linux-x86_64-debian-clang 0.92 3.91 50.04 53.95 OK
r-devel-linux-x86_64-debian-gcc 0.92 2.90 37.82 40.72 OK
r-devel-linux-x86_64-fedora-clang 0.92 73.22 NOTE
r-devel-linux-x86_64-fedora-gcc 0.92 72.80 OK
r-devel-windows-x86_64 0.92 21.00 83.00 104.00 OK
r-patched-linux-x86_64 0.92 3.80 46.87 50.67 OK
r-release-linux-x86_64 0.92 OK
r-release-macos-arm64 0.92 27.00 OK
r-release-macos-x86_64 0.92 40.00 OK
r-release-windows-x86_64 0.92 22.00 82.00 104.00 OK
r-oldrel-macos-arm64 0.92 37.00 OK
r-oldrel-macos-x86_64 0.92 72.00 OK
r-oldrel-windows-ix86+x86_64 0.92 14.00 72.00 86.00 OK

Check Details

Version: 0.92
Check: installed package size
Result: NOTE
     installed size is 5.0Mb
     sub-directories of 1Mb or more:
     doc 4.8Mb
Flavor: r-devel-linux-x86_64-fedora-clang