Last updated on 2023-06-03 02:51:16 CEST.
Flavor | Version | Tinstall | Tcheck | Ttotal | Status | Flags |
---|---|---|---|---|---|---|
r-devel-linux-x86_64-debian-clang | 0.92 | 4.76 | 48.78 | 53.54 | OK | |
r-devel-linux-x86_64-debian-gcc | 0.92 | 2.64 | 38.31 | 40.95 | OK | |
r-devel-linux-x86_64-fedora-clang | 0.92 | 69.53 | NOTE | |||
r-devel-linux-x86_64-fedora-gcc | 0.92 | 76.04 | OK | |||
r-devel-windows-x86_64 | 0.92 | 4.00 | 67.00 | 71.00 | OK | |
r-patched-linux-x86_64 | 0.92 | OK | ||||
r-release-linux-x86_64 | 0.92 | 4.33 | 48.23 | 52.56 | OK | |
r-release-macos-arm64 | 0.92 | 39.00 | OK | |||
r-release-macos-x86_64 | 0.92 | 52.00 | OK | |||
r-release-windows-x86_64 | 0.92 | 6.00 | 72.00 | 78.00 | OK | |
r-oldrel-macos-arm64 | 0.92 | 32.00 | OK | |||
r-oldrel-macos-x86_64 | 0.92 | 40.00 | OK | |||
r-oldrel-windows-x86_64 | 0.92 | 6.00 | 71.00 | 77.00 | OK |
Version: 0.92
Check: installed package size
Result: NOTE
installed size is 5.0Mb
sub-directories of 1Mb or more:
doc 4.8Mb
Flavor: r-devel-linux-x86_64-fedora-clang