CRAN Package Check Results for Package cowbell

Last updated on 2022-06-29 02:55:08 CEST.

Flavor Version Tinstall Tcheck Ttotal Status Flags
r-devel-linux-x86_64-debian-clang 0.1.0 2.49 77.21 79.70 OK
r-devel-linux-x86_64-debian-gcc 0.1.0 2.18 58.90 61.08 OK
r-devel-linux-x86_64-fedora-clang 0.1.0 102.43 NOTE
r-devel-linux-x86_64-fedora-gcc 0.1.0 104.50 NOTE
r-devel-windows-x86_64 0.1.0 14.00 100.00 114.00 OK
r-patched-linux-x86_64 0.1.0 2.41 76.43 78.84 OK
r-release-linux-x86_64 0.1.0 1.92 75.97 77.89 OK
r-release-macos-arm64 0.1.0 27.00 NOTE
r-release-macos-x86_64 0.1.0 54.00 NOTE
r-release-windows-x86_64 0.1.0 16.00 101.00 117.00 OK
r-oldrel-macos-arm64 0.1.0 42.00 NOTE
r-oldrel-macos-x86_64 0.1.0 51.00 NOTE
r-oldrel-windows-ix86+x86_64 0.1.0 7.00 106.00 113.00 OK

Check Details

Version: 0.1.0
Check: dependencies in R code
Result: NOTE
    Namespaces in Imports field not imported from:
     ‘ggplot2’ ‘misc3d’
     All declared Imports should be used.
Flavors: r-devel-linux-x86_64-fedora-clang, r-devel-linux-x86_64-fedora-gcc, r-release-macos-arm64, r-release-macos-x86_64, r-oldrel-macos-arm64, r-oldrel-macos-x86_64