CRAN Package Check Results for Package coxed

Last updated on 2020-12-02 02:51:50 CET.

Flavor Version Tinstall Tcheck Ttotal Status Flags
r-devel-linux-x86_64-debian-clang 0.3.3 18.59 173.17 191.76 OK
r-devel-linux-x86_64-debian-gcc 0.3.3 15.07 128.98 144.05 OK
r-devel-linux-x86_64-fedora-clang 0.3.3 243.26 NOTE
r-devel-linux-x86_64-fedora-gcc 0.3.3 216.45 NOTE
r-devel-windows-ix86+x86_64 0.3.3 34.00 209.00 243.00 OK
r-patched-linux-x86_64 0.3.3 10.64 162.41 173.05 OK
r-patched-solaris-x86 0.3.3 324.10 NOTE
r-release-linux-x86_64 0.3.3 10.98 160.81 171.79 OK
r-release-macos-x86_64 0.3.3 NOTE
r-release-windows-ix86+x86_64 0.3.3 23.00 152.00 175.00 OK
r-oldrel-macos-x86_64 0.3.3 NOTE
r-oldrel-windows-ix86+x86_64 0.3.3 28.00 202.00 230.00 OK

Check Details

Version: 0.3.3
Check: dependencies in R code
Result: NOTE
    Namespace in Imports field not imported from: ‘mediation’
     All declared Imports should be used.
Flavors: r-devel-linux-x86_64-fedora-clang, r-devel-linux-x86_64-fedora-gcc, r-patched-solaris-x86, r-release-macos-x86_64, r-oldrel-macos-x86_64