CRAN Package Check Results for Package crossword.r

Last updated on 2020-11-25 02:49:01 CET.

Flavor Version Tinstall Tcheck Ttotal Status Flags
r-devel-linux-x86_64-debian-clang 0.3.6 3.28 25.32 28.60 OK
r-devel-linux-x86_64-debian-gcc 0.3.6 3.54 21.23 24.77 OK
r-devel-linux-x86_64-fedora-clang 0.3.6 41.68 NOTE
r-devel-linux-x86_64-fedora-gcc 0.3.6 31.64 NOTE
r-devel-windows-ix86+x86_64 0.3.6 7.00 45.00 52.00 OK
r-patched-linux-x86_64 0.3.6 3.56 25.55 29.11 OK
r-patched-solaris-x86 0.3.6 51.80 NOTE
r-release-linux-x86_64 0.3.6 3.32 24.48 27.80 OK
r-release-macos-x86_64 0.3.6 NOTE
r-release-windows-ix86+x86_64 0.3.6 6.00 40.00 46.00 OK
r-oldrel-macos-x86_64 0.3.6 NOTE
r-oldrel-windows-ix86+x86_64 0.3.6 3.00 29.00 32.00 OK

Check Details

Version: 0.3.6
Check: dependencies in R code
Result: NOTE
    Namespaces in Imports field not imported from:
     ‘R6’ ‘dplyr’ ‘r6extended’
     All declared Imports should be used.
Flavors: r-devel-linux-x86_64-fedora-clang, r-devel-linux-x86_64-fedora-gcc, r-patched-solaris-x86, r-release-macos-x86_64, r-oldrel-macos-x86_64