CRAN Package Check Results for Package d3Tree

Last updated on 2020-11-25 02:49:01 CET.

Flavor Version Tinstall Tcheck Ttotal Status Flags
r-devel-linux-x86_64-debian-clang 0.2.0 4.82 38.75 43.57 OK
r-devel-linux-x86_64-debian-gcc 0.2.0 4.63 32.37 37.00 OK
r-devel-linux-x86_64-fedora-clang 0.2.0 58.33 NOTE
r-devel-linux-x86_64-fedora-gcc 0.2.0 48.08 NOTE
r-devel-windows-ix86+x86_64 0.2.0 14.00 62.00 76.00 OK
r-patched-linux-x86_64 0.2.0 4.98 38.20 43.18 OK
r-patched-solaris-x86 0.2.0 73.10 NOTE
r-release-linux-x86_64 0.2.0 5.00 36.11 41.11 OK
r-release-macos-x86_64 0.2.0 NOTE
r-release-windows-ix86+x86_64 0.2.0 12.00 58.00 70.00 OK
r-oldrel-macos-x86_64 0.2.0 NOTE
r-oldrel-windows-ix86+x86_64 0.2.0 8.00 43.00 51.00 OK

Check Details

Version: 0.2.0
Check: dependencies in R code
Result: NOTE
    Namespace in Imports field not imported from: ‘magrittr’
     All declared Imports should be used.
Flavors: r-devel-linux-x86_64-fedora-clang, r-devel-linux-x86_64-fedora-gcc, r-patched-solaris-x86, r-release-macos-x86_64, r-oldrel-macos-x86_64