Last updated on 2023-03-23 02:49:40 CET.
Flavor | Version | Tinstall | Tcheck | Ttotal | Status | Flags |
---|---|---|---|---|---|---|
r-devel-linux-x86_64-debian-clang | 0.3.0 | 29.85 | 243.47 | 273.32 | OK | |
r-devel-linux-x86_64-debian-gcc | 0.3.0 | 23.75 | 180.04 | 203.79 | OK | |
r-devel-linux-x86_64-fedora-clang | 0.3.0 | 304.50 | NOTE | |||
r-devel-linux-x86_64-fedora-gcc | 0.3.0 | 306.82 | NOTE | |||
r-devel-windows-x86_64 | 0.3.0 | 157.00 | 317.00 | 474.00 | OK | |
r-patched-linux-x86_64 | 0.3.0 | 31.48 | 240.47 | 271.95 | OK | |
r-release-linux-x86_64 | 0.3.0 | 28.41 | 241.74 | 270.15 | OK | |
r-release-macos-arm64 | 0.3.0 | 92.00 | NOTE | |||
r-release-macos-x86_64 | 0.3.0 | 211.00 | NOTE | |||
r-release-windows-x86_64 | 0.3.0 | 90.00 | 321.00 | 411.00 | OK | |
r-oldrel-macos-arm64 | 0.3.0 | 133.00 | NOTE | |||
r-oldrel-macos-x86_64 | 0.3.0 | 190.00 | NOTE | |||
r-oldrel-windows-ix86+x86_64 | 0.3.0 | 19.00 | 284.00 | 303.00 | OK |
Version: 0.3.0
Check: dependencies in R code
Result: NOTE
Namespaces in Imports field not imported from:
‘plyr’ ‘simpleboot’
All declared Imports should be used.
Flavors: r-devel-linux-x86_64-fedora-clang, r-devel-linux-x86_64-fedora-gcc, r-release-macos-arm64, r-release-macos-x86_64, r-oldrel-macos-arm64, r-oldrel-macos-x86_64