Last updated on 2021-04-19 02:46:43 CEST.
Flavor | Version | Tinstall | Tcheck | Ttotal | Status | Flags |
---|---|---|---|---|---|---|
r-devel-linux-x86_64-debian-clang | 1.0.0 | 5.54 | 96.39 | 101.93 | OK | |
r-devel-linux-x86_64-debian-gcc | 1.0.0 | 4.67 | 74.55 | 79.22 | OK | |
r-devel-linux-x86_64-fedora-clang | 1.0.0 | 130.96 | OK | |||
r-devel-linux-x86_64-fedora-gcc | 1.0.0 | 124.13 | OK | |||
r-devel-windows-ix86+x86_64 | 1.0.0 | 12.00 | 99.00 | 111.00 | OK | |
r-devel-windows-x86_64-gcc10-UCRT | 1.0.0 | OK | ||||
r-patched-linux-x86_64 | 1.0.0 | 5.65 | 93.55 | 99.20 | OK | |
r-patched-solaris-x86 | 1.0.0 | 166.40 | WARN | |||
r-release-linux-x86_64 | 1.0.0 | 5.37 | 93.73 | 99.10 | OK | |
r-release-macos-x86_64 | 1.0.0 | WARN | ||||
r-release-windows-ix86+x86_64 | 1.0.0 | 11.00 | 135.00 | 146.00 | OK | |
r-oldrel-macos-x86_64 | 1.0.0 | WARN | ||||
r-oldrel-windows-ix86+x86_64 | 1.0.0 | 7.00 | 132.00 | 139.00 | OK |
Version: 1.0.0
Check: re-building of vignette outputs
Result: WARN
Error(s) in re-building vignettes:
...
--- re-building ‘applications.Rmd’ using rmarkdown
Warning in engine$weave(file, quiet = quiet, encoding = enc) :
Pandoc (>= 1.12.3) and/or pandoc-citeproc not available. Falling back to R Markdown v1.
--- finished re-building ‘applications.Rmd’
--- re-building ‘data.tree.Rmd’ using rmarkdown
Warning in engine$weave(file, quiet = quiet, encoding = enc) :
Pandoc (>= 1.12.3) and/or pandoc-citeproc not available. Falling back to R Markdown v1.
Quitting from lines 513-516 (data.tree.Rmd)
Error: processing vignette 'data.tree.Rmd' failed with diagnostics:
there is no package called 'webshot'
--- failed re-building ‘data.tree.Rmd’
SUMMARY: processing the following file failed:
‘data.tree.Rmd’
Error: Vignette re-building failed.
Execution halted
Flavor: r-patched-solaris-x86
Version: 1.0.0
Check: re-building of vignette outputs
Result: WARN
Error(s) in re-building vignettes:
...
--- re-building ‘applications.Rmd’ using rmarkdown
Warning in engine$weave(file, quiet = quiet, encoding = enc) :
Pandoc (>= 1.12.3) and/or pandoc-citeproc not available. Falling back to R Markdown v1.
--- finished re-building ‘applications.Rmd’
--- re-building ‘data.tree.Rmd’ using rmarkdown
Warning in engine$weave(file, quiet = quiet, encoding = enc) :
Pandoc (>= 1.12.3) and/or pandoc-citeproc not available. Falling back to R Markdown v1.
PhantomJS not found. You can install it with webshot::install_phantomjs(). If it is installed, please make sure the phantomjs executable can be found via the PATH variable.
Warning in normalizePath(f2) :
path[1]="webshot42ce5d62669.png": No such file or directory
Warning in file(con, "rb") :
cannot open file 'webshot42ce5d62669.png': No such file or directory
Quitting from lines 513-516 (data.tree.Rmd)
Error: processing vignette 'data.tree.Rmd' failed with diagnostics:
cannot open the connection
--- failed re-building ‘data.tree.Rmd’
SUMMARY: processing the following file failed:
‘data.tree.Rmd’
Error: Vignette re-building failed.
Execution halted
Flavor: r-release-macos-x86_64
Version: 1.0.0
Check: re-building of vignette outputs
Result: WARN
Error(s) in re-building vignettes:
...
--- re-building ‘applications.Rmd’ using rmarkdown
Warning in engine$weave(file, quiet = quiet, encoding = enc) :
Pandoc (>= 1.12.3) and/or pandoc-citeproc not available. Falling back to R Markdown v1.
--- finished re-building ‘applications.Rmd’
--- re-building ‘data.tree.Rmd’ using rmarkdown
Warning in engine$weave(file, quiet = quiet, encoding = enc) :
Pandoc (>= 1.12.3) and/or pandoc-citeproc not available. Falling back to R Markdown v1.
PhantomJS not found. You can install it with webshot::install_phantomjs(). If it is installed, please make sure the phantomjs executable can be found via the PATH variable.
Warning in normalizePath(f2) :
path[1]="webshotcaab7296c7fb.png": No such file or directory
Warning in file(con, "rb") :
cannot open file 'webshotcaab7296c7fb.png': No such file or directory
Quitting from lines 513-516 (data.tree.Rmd)
Error: processing vignette 'data.tree.Rmd' failed with diagnostics:
cannot open the connection
--- failed re-building ‘data.tree.Rmd’
SUMMARY: processing the following file failed:
‘data.tree.Rmd’
Error: Vignette re-building failed.
Execution halted
Flavor: r-oldrel-macos-x86_64