CRAN Package Check Results for Package dataPreparation

Last updated on 2020-11-29 02:46:33 CET.

Flavor Version Tinstall Tcheck Ttotal Status Flags
r-devel-linux-x86_64-debian-clang 1.0.0 16.45 164.69 181.14 WARN
r-devel-linux-x86_64-debian-gcc 1.0.0 9.66 124.84 134.50 WARN
r-devel-linux-x86_64-fedora-clang 1.0.0 209.57 WARN
r-devel-linux-x86_64-fedora-gcc 1.0.0 199.12 WARN
r-devel-windows-ix86+x86_64 1.0.0 26.00 173.00 199.00 WARN
r-patched-linux-x86_64 1.0.0 16.08 171.05 187.13 OK
r-patched-solaris-x86 1.0.0 282.20 OK
r-release-linux-x86_64 1.0.0 12.49 168.34 180.83 OK
r-release-macos-x86_64 1.0.0 OK
r-release-windows-ix86+x86_64 1.0.0 19.00 154.00 173.00 OK
r-oldrel-macos-x86_64 1.0.0 OK
r-oldrel-windows-ix86+x86_64 1.0.0 23.00 206.00 229.00 OK

Check Details

Version: 1.0.0
Check: re-building of vignette outputs
Result: WARN
    Error(s) in re-building vignettes:
     ...
    --- re-building 'dataPreparation.Rmd' using rmarkdown
    Loading required package: lubridate
    
    Attaching package: 'lubridate'
    
    The following objects are masked from 'package:base':
    
     date, intersect, setdiff, union
    
    Loading required package: stringr
    Loading required package: Matrix
    Loading required package: progress
    dataPreparation 1.0.0
    Type data_preparation_news() to see new features/changes/bug fixes.
    
    Attaching package: 'data.table'
    
    The following objects are masked from 'package:lubridate':
    
     hour, isoweek, mday, minute, month, quarter, second, wday, week,
     yday, year
    
    Quitting from lines 191-192 (dataPreparation.Rmd)
    Error: processing vignette 'dataPreparation.Rmd' failed with diagnostics:
    first argument has length > 1
    --- failed re-building 'dataPreparation.Rmd'
    
    --- re-building 'train_test_prep.Rmd' using rmarkdown
    Loading required package: lubridate
    
    Attaching package: 'lubridate'
    
    The following objects are masked from 'package:base':
    
     date, intersect, setdiff, union
    
    Loading required package: stringr
    Loading required package: Matrix
    Loading required package: progress
    dataPreparation 1.0.0
    Type data_preparation_news() to see new features/changes/bug fixes.
    
    Attaching package: 'data.table'
    
    The following objects are masked from 'package:lubridate':
    
     hour, isoweek, mday, minute, month, quarter, second, wday, week,
     yday, year
    
    --- finished re-building 'train_test_prep.Rmd'
    
    SUMMARY: processing the following file failed:
     'dataPreparation.Rmd'
    
    Error: Vignette re-building failed.
    Execution halted
Flavors: r-devel-linux-x86_64-debian-clang, r-devel-linux-x86_64-debian-gcc

Version: 1.0.0
Check: re-building of vignette outputs
Result: WARN
    Error(s) in re-building vignettes:
    --- re-building ‘dataPreparation.Rmd’ using rmarkdown
    Loading required package: lubridate
    
    Attaching package: 'lubridate'
    
    The following objects are masked from 'package:base':
    
     date, intersect, setdiff, union
    
    Loading required package: stringr
    Loading required package: Matrix
    Loading required package: progress
    dataPreparation 1.0.0
    Type data_preparation_news() to see new features/changes/bug fixes.
    
    Attaching package: 'data.table'
    
    The following objects are masked from 'package:lubridate':
    
     hour, isoweek, mday, minute, month, quarter, second, wday, week,
     yday, year
    
    Quitting from lines 191-192 (dataPreparation.Rmd)
    Error: processing vignette 'dataPreparation.Rmd' failed with diagnostics:
    first argument has length > 1
    --- failed re-building ‘dataPreparation.Rmd’
    
    --- re-building ‘train_test_prep.Rmd’ using rmarkdown
    Loading required package: lubridate
    
    Attaching package: 'lubridate'
    
    The following objects are masked from 'package:base':
    
     date, intersect, setdiff, union
    
    Loading required package: stringr
    Loading required package: Matrix
    Loading required package: progress
    dataPreparation 1.0.0
    Type data_preparation_news() to see new features/changes/bug fixes.
    
    Attaching package: 'data.table'
    
    The following objects are masked from 'package:lubridate':
    
     hour, isoweek, mday, minute, month, quarter, second, wday, week,
     yday, year
    
    --- finished re-building ‘train_test_prep.Rmd’
    
    SUMMARY: processing the following file failed:
     ‘dataPreparation.Rmd’
    
    Error: Vignette re-building failed.
    Execution halted
Flavors: r-devel-linux-x86_64-fedora-clang, r-devel-linux-x86_64-fedora-gcc, r-devel-windows-ix86+x86_64