CRAN Package Check Results for Package dipsaus

Last updated on 2020-11-25 02:49:02 CET.

Flavor Version Tinstall Tcheck Ttotal Status Flags
r-devel-linux-x86_64-debian-clang 0.1.1 70.50 73.44 143.94 OK
r-devel-linux-x86_64-debian-gcc 0.1.1 71.74 59.22 130.96 OK
r-devel-linux-x86_64-fedora-clang 0.1.1 200.50 OK
r-devel-linux-x86_64-fedora-gcc 0.1.1 179.75 OK
r-devel-windows-ix86+x86_64 0.1.1 175.00 149.00 324.00 OK
r-patched-linux-x86_64 0.1.1 83.26 71.44 154.70 OK
r-patched-solaris-x86 0.1.1 198.00 NOTE
r-release-linux-x86_64 0.1.1 89.59 72.95 162.54 OK
r-release-macos-x86_64 0.1.1 OK
r-release-windows-ix86+x86_64 0.1.1 175.00 161.00 336.00 OK
r-oldrel-macos-x86_64 0.1.1 OK
r-oldrel-windows-ix86+x86_64 0.1.1 115.00 108.00 223.00 OK

Check Details

Version: 0.1.1
Check: package dependencies
Result: NOTE
    Package suggested but not available for checking: ‘RcppRedis’
Flavor: r-patched-solaris-x86