Last updated on 2021-01-17 02:49:49 CET.
Flavor | Version | Tinstall | Tcheck | Ttotal | Status | Flags |
---|---|---|---|---|---|---|
r-devel-linux-x86_64-debian-clang | 1.3-3 | 35.53 | 153.24 | 188.77 | OK | --no-vignettes |
r-devel-linux-x86_64-debian-gcc | 1.3-3 | 25.58 | 113.30 | 138.88 | OK | --no-vignettes |
r-devel-linux-x86_64-fedora-clang | 1.3-3 | 243.90 | NOTE | |||
r-devel-linux-x86_64-fedora-gcc | 1.3-3 | 240.14 | NOTE | |||
r-devel-windows-ix86+x86_64 | 1.3-3 | 53.00 | 212.00 | 265.00 | OK | --no-vignettes |
r-patched-linux-x86_64 | 1.3-3 | 29.83 | 141.52 | 171.35 | OK | --no-vignettes |
r-patched-solaris-x86 | 1.3-3 | 275.90 | NOTE | |||
r-release-linux-x86_64 | 1.3-3 | 30.68 | 141.89 | 172.57 | OK | --no-vignettes |
r-release-macos-x86_64 | 1.3-3 | NOTE | ||||
r-release-windows-ix86+x86_64 | 1.3-3 | 63.00 | 204.00 | 267.00 | OK | --no-vignettes |
r-oldrel-macos-x86_64 | 1.3-3 | WARN | ||||
r-oldrel-windows-ix86+x86_64 | 1.3-3 | 67.00 | 229.00 | 296.00 | WARN | --no-vignettes |
Version: 1.3-3
Check: data for non-ASCII characters
Result: NOTE
Note: found 106 marked UTF-8 strings
Flavors: r-devel-linux-x86_64-fedora-clang, r-devel-linux-x86_64-fedora-gcc, r-patched-solaris-x86, r-release-macos-x86_64, r-oldrel-macos-x86_64
Version: 1.3-3
Check: package dependencies
Result: NOTE
Package suggested but not available for checking: ‘terra’
Flavor: r-patched-solaris-x86
Version: 1.3-3
Check: Rd cross-references
Result: WARN
Missing link or links in documentation object 'plot.Rd':
‘[base]{plot}’
Missing link or links in documentation object 'plotEval.Rd':
‘[base]{plot}’
See section 'Cross-references' in the 'Writing R Extensions' manual.
Flavor: r-oldrel-macos-x86_64
Version: 1.3-3
Flags: --no-vignettes
Check: Rd cross-references
Result: WARN
Missing link or links in documentation object 'plot.Rd':
'[base]{plot}'
Missing link or links in documentation object 'plotEval.Rd':
'[base]{plot}'
See section 'Cross-references' in the 'Writing R Extensions' manual.
Flavor: r-oldrel-windows-ix86+x86_64