CRAN Package Check Results for Package distrEx

Last updated on 2022-12-04 02:49:14 CET.

Flavor Version Tinstall Tcheck Ttotal Status Flags
r-devel-linux-x86_64-debian-clang 2.9.0 33.53 107.60 141.13 OK
r-devel-linux-x86_64-debian-gcc 2.9.0 24.32 81.20 105.52 OK
r-devel-linux-x86_64-fedora-clang 2.9.0 194.05 NOTE
r-devel-linux-x86_64-fedora-gcc 2.9.0 200.75 OK
r-devel-windows-x86_64 2.9.0 66.00 157.00 223.00 OK
r-patched-linux-x86_64 2.9.0 29.71 103.44 133.15 OK
r-release-linux-x86_64 2.9.0 32.07 101.43 133.50 OK
r-release-macos-arm64 2.9.0 59.00 OK
r-release-macos-x86_64 2.9.0 64.00 OK
r-release-windows-x86_64 2.9.0 82.00 150.00 232.00 OK
r-oldrel-macos-arm64 2.9.0 58.00 OK
r-oldrel-macos-x86_64 2.9.0 66.00 OK
r-oldrel-windows-ix86+x86_64 2.9.0 55.00 159.00 214.00 OK

Check Details

Version: 2.9.0
Check: Rd cross-references
Result: NOTE
    Undeclared package ‘robustbase’ in Rd xrefs
Flavor: r-devel-linux-x86_64-fedora-clang