Last updated on 2023-04-02 02:49:53 CEST.
Flavor | Version | Tinstall | Tcheck | Ttotal | Status | Flags |
---|---|---|---|---|---|---|
r-devel-linux-x86_64-debian-clang | 1.8.6 | 2.63 | 52.44 | 55.07 | OK | |
r-devel-linux-x86_64-debian-gcc | 1.8.6 | 1.83 | 40.79 | 42.62 | OK | |
r-devel-linux-x86_64-fedora-clang | 1.8.6 | 68.07 | OK | |||
r-devel-linux-x86_64-fedora-gcc | 1.8.6 | 76.95 | OK | |||
r-devel-windows-x86_64 | 1.8.6 | 6.00 | 129.00 | 135.00 | OK | |
r-patched-linux-x86_64 | 1.8.6 | 4.45 | 50.12 | 54.57 | OK | |
r-release-linux-x86_64 | 1.8.6 | 2.23 | 51.69 | 53.92 | OK | |
r-release-macos-arm64 | 1.8.6 | 84.00 | NOTE | |||
r-release-macos-x86_64 | 1.8.6 | 118.00 | NOTE | |||
r-release-windows-x86_64 | 1.8.6 | 12.00 | 134.00 | 146.00 | OK | |
r-oldrel-macos-arm64 | 1.8.6 | 111.00 | NOTE | |||
r-oldrel-macos-x86_64 | 1.8.6 | 127.00 | NOTE | |||
r-oldrel-windows-ix86+x86_64 | 1.8.6 | 7.00 | 108.00 | 115.00 | OK |
Version: 1.8.6
Check: package dependencies
Result: NOTE
Package suggested but not available for checking: ‘doMPI’
Flavors: r-release-macos-arm64, r-release-macos-x86_64, r-oldrel-macos-arm64, r-oldrel-macos-x86_64
Version: 1.8.6
Check: Rd cross-references
Result: NOTE
Package unavailable to check Rd xrefs: ‘doMPI’
Flavors: r-release-macos-arm64, r-release-macos-x86_64, r-oldrel-macos-arm64, r-oldrel-macos-x86_64