CRAN Package Check Results for Package doc2vec

Last updated on 2022-12-10 02:49:26 CET.

Flavor Version Tinstall Tcheck Ttotal Status Flags
r-devel-linux-x86_64-debian-clang 0.2.0 119.83 57.79 177.62 OK
r-devel-linux-x86_64-debian-gcc 0.2.0 93.58 42.16 135.74 OK
r-devel-linux-x86_64-fedora-clang 0.2.0 287.52 NOTE
r-devel-linux-x86_64-fedora-gcc 0.2.0 245.37 NOTE
r-devel-windows-x86_64 0.2.0 94.00 116.00 210.00 NOTE
r-patched-linux-x86_64 0.2.0 102.12 54.18 156.30 OK
r-release-linux-x86_64 0.2.0 99.57 57.49 157.06 OK
r-release-macos-arm64 0.2.0 62.00 NOTE
r-release-macos-x86_64 0.2.0 87.00 NOTE
r-release-windows-x86_64 0.2.0 96.00 117.00 213.00 NOTE
r-oldrel-macos-arm64 0.2.0 64.00 NOTE
r-oldrel-macos-x86_64 0.2.0 142.00 NOTE
r-oldrel-windows-ix86+x86_64 0.2.0 282.00 164.00 446.00 NOTE

Check Details

Version: 0.2.0
Check: installed package size
Result: NOTE
     installed size is 5.3Mb
     sub-directories of 1Mb or more:
     data 4.8Mb
Flavors: r-devel-linux-x86_64-fedora-clang, r-devel-windows-x86_64, r-release-macos-arm64, r-release-macos-x86_64, r-release-windows-x86_64, r-oldrel-macos-arm64, r-oldrel-macos-x86_64, r-oldrel-windows-ix86+x86_64

Version: 0.2.0
Check: data for non-ASCII characters
Result: NOTE
     Note: found 9796 marked UTF-8 strings
Flavors: r-devel-linux-x86_64-fedora-clang, r-devel-linux-x86_64-fedora-gcc, r-release-macos-arm64, r-release-macos-x86_64, r-oldrel-macos-arm64, r-oldrel-macos-x86_64