CRAN Package Check Results for Package dragon

Last updated on 2020-11-28 02:48:55 CET.

Flavor Version Tinstall Tcheck Ttotal Status Flags
r-devel-linux-x86_64-debian-clang 1.0.5 25.24 107.38 132.62 OK
r-devel-linux-x86_64-debian-gcc 1.0.5 22.87 81.43 104.30 OK
r-devel-linux-x86_64-fedora-clang 1.0.5 166.61 NOTE
r-devel-linux-x86_64-fedora-gcc 1.0.5 162.87 NOTE
r-devel-windows-ix86+x86_64 1.0.5 48.00 118.00 166.00 OK
r-patched-linux-x86_64 1.0.5 27.52 102.55 130.07 OK
r-patched-solaris-x86 1.0.5 244.10 NOTE
r-release-linux-x86_64 1.0.5 24.86 100.92 125.78 OK
r-release-macos-x86_64 1.0.5 NOTE
r-release-windows-ix86+x86_64 1.0.5 50.00 138.00 188.00 OK
r-oldrel-macos-x86_64 1.0.5 NOTE
r-oldrel-windows-ix86+x86_64 1.0.5 39.00 103.00 142.00 OK

Check Details

Version: 1.0.5
Check: package dependencies
Result: NOTE
    Imports includes 32 non-default packages.
    Importing from so many packages makes the package vulnerable to any of
    them becoming unavailable. Move as many as possible to Suggests and
    use conditionally.
Flavor: r-devel-linux-x86_64-fedora-clang

Version: 1.0.5
Check: dependencies in R code
Result: NOTE
    Namespace in Imports field not imported from: ‘htmltools’
     All declared Imports should be used.
Flavors: r-devel-linux-x86_64-fedora-clang, r-devel-linux-x86_64-fedora-gcc, r-patched-solaris-x86, r-release-macos-x86_64, r-oldrel-macos-x86_64