CRAN Package Check Results for Package drf

Last updated on 2023-03-31 03:52:26 CEST.

Flavor Version Tinstall Tcheck Ttotal Status Flags
r-devel-linux-x86_64-debian-clang 1.1.0 115.52 77.38 192.90 NOTE
r-devel-linux-x86_64-debian-gcc 1.1.0 89.91 60.12 150.03 NOTE
r-devel-linux-x86_64-fedora-clang 1.1.0 314.46 NOTE
r-devel-linux-x86_64-fedora-gcc 1.1.0 243.29 NOTE
r-devel-windows-x86_64 1.1.0 147.00 0.00 147.00 NOTE
r-patched-linux-x86_64 1.1.0 96.23 73.95 170.18 NOTE
r-release-linux-x86_64 1.1.0 96.44 73.40 169.84 NOTE
r-release-macos-arm64 1.1.0 69.00 NOTE
r-release-macos-x86_64 1.1.0 89.00 NOTE
r-release-windows-x86_64 1.1.0 144.00 131.00 275.00 NOTE
r-oldrel-macos-arm64 1.1.0 77.00 NOTE
r-oldrel-macos-x86_64 1.1.0 97.00 NOTE
r-oldrel-windows-ix86+x86_64 1.1.0 282.00 137.00 419.00 NOTE

Check Details

Version: 1.1.0
Check: C++ specification
Result: NOTE
     Specified C++11: please drop specification unless essential
Flavors: r-devel-linux-x86_64-debian-clang, r-devel-linux-x86_64-debian-gcc, r-devel-linux-x86_64-fedora-clang, r-devel-linux-x86_64-fedora-gcc, r-devel-windows-x86_64, r-patched-linux-x86_64

Version: 1.1.0
Check: for GNU extensions in Makefiles
Result: NOTE
    GNU make is a SystemRequirements.
Flavors: r-devel-linux-x86_64-debian-clang, r-devel-linux-x86_64-debian-gcc, r-devel-linux-x86_64-fedora-clang, r-devel-linux-x86_64-fedora-gcc, r-devel-windows-x86_64, r-patched-linux-x86_64, r-release-linux-x86_64, r-release-macos-arm64, r-release-macos-x86_64, r-release-windows-x86_64, r-oldrel-macos-arm64, r-oldrel-macos-x86_64, r-oldrel-windows-ix86+x86_64

Version: 1.1.0
Check: installed package size
Result: NOTE
     installed size is 6.6Mb
     sub-directories of 1Mb or more:
     libs 6.5Mb
Flavors: r-release-macos-arm64, r-release-macos-x86_64, r-oldrel-macos-arm64, r-oldrel-macos-x86_64