Last updated on 2022-07-04 02:53:29 CEST.
Flavor | Version | Tinstall | Tcheck | Ttotal | Status | Flags |
---|---|---|---|---|---|---|
r-devel-linux-x86_64-debian-clang | 0.3.0 | 5.78 | 62.81 | 68.59 | NOTE | |
r-devel-linux-x86_64-debian-gcc | 0.3.0 | 5.22 | 45.30 | 50.52 | NOTE | |
r-devel-linux-x86_64-fedora-clang | 0.3.0 | 89.94 | NOTE | |||
r-devel-linux-x86_64-fedora-gcc | 0.3.0 | 88.72 | NOTE | |||
r-devel-windows-x86_64 | 0.3.0 | 27.00 | 86.00 | 113.00 | NOTE | |
r-patched-linux-x86_64 | 0.3.0 | 6.54 | 56.09 | 62.63 | NOTE | |
r-release-linux-x86_64 | 0.3.0 | 6.40 | 57.87 | 64.27 | NOTE | |
r-release-macos-arm64 | 0.3.0 | 28.00 | NOTE | |||
r-release-macos-x86_64 | 0.3.0 | 51.00 | NOTE | |||
r-release-windows-x86_64 | 0.3.0 | 28.00 | 83.00 | 111.00 | NOTE | |
r-oldrel-macos-arm64 | 0.3.0 | 29.00 | NOTE | |||
r-oldrel-macos-x86_64 | 0.3.0 | 44.00 | NOTE | |||
r-oldrel-windows-ix86+x86_64 | 0.3.0 | 18.00 | 80.00 | 98.00 | NOTE |
Version: 0.3.0
Check: LazyData
Result: NOTE
'LazyData' is specified without a 'data' directory
Flavors: r-devel-linux-x86_64-debian-clang, r-devel-linux-x86_64-debian-gcc, r-devel-linux-x86_64-fedora-clang, r-devel-linux-x86_64-fedora-gcc, r-devel-windows-x86_64, r-patched-linux-x86_64, r-release-linux-x86_64, r-release-macos-arm64, r-release-macos-x86_64, r-release-windows-x86_64, r-oldrel-macos-arm64, r-oldrel-macos-x86_64, r-oldrel-windows-ix86+x86_64