CRAN Package Check Results for Package effectsize

Last updated on 2020-12-04 02:51:37 CET.

Flavor Version Tinstall Tcheck Ttotal Status Flags
r-devel-linux-x86_64-debian-clang 0.4.0 9.28 216.34 225.62 OK
r-devel-linux-x86_64-debian-gcc 0.4.0 7.27 157.13 164.40 OK
r-devel-linux-x86_64-fedora-clang 0.4.0 278.98 NOTE
r-devel-linux-x86_64-fedora-gcc 0.4.0 280.99 OK
r-devel-windows-ix86+x86_64 0.4.0 13.00 241.00 254.00 OK
r-patched-linux-x86_64 0.4.0 9.61 207.14 216.75 OK
r-patched-solaris-x86 0.4.0 335.50 OK
r-release-linux-x86_64 0.4.0 9.30 210.97 220.27 OK
r-release-macos-x86_64 0.4.0 OK
r-release-windows-ix86+x86_64 0.4.0 10.00 220.00 230.00 OK
r-oldrel-macos-x86_64 0.4.0 OK
r-oldrel-windows-ix86+x86_64 0.4.0 10.00 286.00 296.00 OK

Check Details

Version: 0.4.0
Check: Rd cross-references
Result: NOTE
    Undeclared package ‘lavaan’ in Rd xrefs
Flavor: r-devel-linux-x86_64-fedora-clang