Last updated on 2023-06-09 02:52:12 CEST.
Flavor | Version | Tinstall | Tcheck | Ttotal | Status | Flags |
---|---|---|---|---|---|---|
r-devel-linux-x86_64-debian-clang | 2.3-2 | 824.99 | 163.98 | 988.97 | NOTE | |
r-devel-linux-x86_64-debian-gcc | 2.3-2 | 780.51 | 170.43 | 950.94 | NOTE | |
r-devel-linux-x86_64-fedora-clang | 2.3-2 | 1267.94 | NOTE | |||
r-devel-linux-x86_64-fedora-gcc | 2.3-2 | 1742.22 | NOTE | |||
r-devel-windows-x86_64 | 2.3-2 | 624.00 | 204.00 | 828.00 | NOTE | |
r-patched-linux-x86_64 | 2.3-2 | 732.92 | 219.53 | 952.45 | NOTE | |
r-release-linux-x86_64 | 2.3-2 | 613.95 | 224.32 | 838.27 | NOTE | |
r-release-macos-arm64 | 2.3-2 | 413.00 | NOTE | |||
r-release-macos-x86_64 | 2.3-2 | 638.00 | NOTE | |||
r-release-windows-x86_64 | 2.3-2 | 830.00 | 265.00 | 1095.00 | NOTE | |
r-oldrel-macos-arm64 | 2.3-2 | 352.00 | NOTE | |||
r-oldrel-macos-x86_64 | 2.3-2 | 706.00 | NOTE | |||
r-oldrel-windows-x86_64 | 2.3-2 | 781.00 | 241.00 | 1022.00 | NOTE |
Version: 2.3-2
Check: package dependencies
Result: NOTE
Package suggested but not available for checking: ‘eggCountsExtra’
Flavors: r-devel-linux-x86_64-debian-clang, r-devel-linux-x86_64-debian-gcc, r-devel-linux-x86_64-fedora-clang, r-devel-linux-x86_64-fedora-gcc, r-devel-windows-x86_64, r-patched-linux-x86_64, r-release-linux-x86_64, r-release-macos-arm64, r-release-macos-x86_64, r-release-windows-x86_64, r-oldrel-macos-arm64, r-oldrel-macos-x86_64, r-oldrel-windows-x86_64
Version: 2.3-2
Check: C++ specification
Result: NOTE
Specified C++14: please drop specification unless essential
Flavors: r-devel-linux-x86_64-debian-clang, r-devel-linux-x86_64-debian-gcc, r-devel-linux-x86_64-fedora-clang, r-devel-linux-x86_64-fedora-gcc, r-devel-windows-x86_64, r-patched-linux-x86_64, r-release-linux-x86_64, r-release-macos-arm64, r-release-macos-x86_64, r-release-windows-x86_64
Version: 2.3-2
Check: for GNU extensions in Makefiles
Result: NOTE
GNU make is a SystemRequirements.
Flavors: r-devel-linux-x86_64-debian-clang, r-devel-linux-x86_64-debian-gcc, r-devel-linux-x86_64-fedora-clang, r-devel-linux-x86_64-fedora-gcc, r-devel-windows-x86_64, r-patched-linux-x86_64, r-release-linux-x86_64, r-release-macos-arm64, r-release-macos-x86_64, r-release-windows-x86_64, r-oldrel-macos-arm64, r-oldrel-macos-x86_64, r-oldrel-windows-x86_64
Version: 2.3-2
Check: installed package size
Result: NOTE
installed size is 8.1Mb
sub-directories of 1Mb or more:
libs 7.4Mb
Flavors: r-devel-linux-x86_64-fedora-clang, r-devel-windows-x86_64, r-release-macos-arm64, r-release-macos-x86_64, r-release-windows-x86_64, r-oldrel-macos-arm64, r-oldrel-macos-x86_64, r-oldrel-windows-x86_64