CRAN Package Check Results for Package ellipticalsymmetry

Last updated on 2023-06-06 02:55:39 CEST.

Flavor Version Tinstall Tcheck Ttotal Status Flags
r-devel-linux-x86_64-debian-clang 0.1.2 3.70 35.63 39.33 OK
r-devel-linux-x86_64-debian-gcc 0.1.2 3.52 27.74 31.26 OK
r-devel-linux-x86_64-fedora-clang 0.1.2 51.84 NOTE
r-devel-linux-x86_64-fedora-gcc 0.1.2 47.82 NOTE
r-devel-windows-x86_64 0.1.2 5.00 50.00 55.00 OK
r-patched-linux-x86_64 0.1.2 3.37 34.47 37.84 OK
r-release-linux-x86_64 0.1.2 4.25 34.79 39.04 OK
r-release-macos-arm64 0.1.2 22.00 OK
r-release-macos-x86_64 0.1.2 29.00 OK
r-release-windows-x86_64 0.1.2 6.00 51.00 57.00 OK
r-oldrel-macos-arm64 0.1.2 18.00 NOTE
r-oldrel-macos-x86_64 0.1.2 34.00 NOTE
r-oldrel-windows-x86_64 0.1.2 6.00 55.00 61.00 OK

Check Details

Version: 0.1.2
Check: dependencies in R code
Result: NOTE
    Namespace in Imports field not imported from: ‘datasets’
     All declared Imports should be used.
Flavors: r-devel-linux-x86_64-fedora-clang, r-devel-linux-x86_64-fedora-gcc, r-oldrel-macos-arm64, r-oldrel-macos-x86_64