Last updated on 2022-06-29 02:55:09 CEST.
Flavor | Version | Tinstall | Tcheck | Ttotal | Status | Flags |
---|---|---|---|---|---|---|
r-devel-linux-x86_64-debian-clang | 1.1-28 | 41.46 | 282.93 | 324.39 | OK | |
r-devel-linux-x86_64-debian-gcc | 1.1-28 | 29.05 | 206.99 | 236.04 | OK | |
r-devel-linux-x86_64-fedora-clang | 1.1-28 | 376.94 | NOTE | |||
r-devel-linux-x86_64-fedora-gcc | 1.1-28 | 388.81 | NOTE | |||
r-devel-windows-x86_64 | 1.1-28 | 50.00 | 271.00 | 321.00 | OK | |
r-patched-linux-x86_64 | 1.1-28 | 36.51 | 272.44 | 308.95 | OK | |
r-release-linux-x86_64 | 1.1-28 | 38.53 | 269.92 | 308.45 | OK | |
r-release-macos-arm64 | 1.1-28 | 86.00 | OK | |||
r-release-macos-x86_64 | 1.1-28 | 120.00 | OK | |||
r-release-windows-x86_64 | 1.1-28 | 62.00 | 273.00 | 335.00 | OK | |
r-oldrel-macos-arm64 | 1.1-28 | 53.00 | OK | |||
r-oldrel-macos-x86_64 | 1.1-28 | 99.00 | OK | |||
r-oldrel-windows-ix86+x86_64 | 1.1-28 | 89.00 | 366.00 | 455.00 | OK |
Version: 1.1-28
Check: compiled code
Result: NOTE
File ‘elsa/libs/elsa.so’:
Found no calls to: ‘R_registerRoutines’, ‘R_useDynamicSymbols’
It is good practice to register native routines and to disable symbol
search.
See ‘Writing portable packages’ in the ‘Writing R Extensions’ manual.
Flavors: r-devel-linux-x86_64-fedora-clang, r-devel-linux-x86_64-fedora-gcc