CRAN Package Check Results for Package emIRT

Last updated on 2020-07-06 02:47:23 CEST.

Flavor Version Tinstall Tcheck Ttotal Status Flags
r-devel-linux-x86_64-debian-clang 0.0.11 1055.00 41.25 1096.25 OK
r-devel-linux-x86_64-debian-gcc 0.0.11 782.62 32.70 815.32 OK
r-devel-linux-x86_64-fedora-clang 0.0.11 1633.04 NOTE
r-devel-linux-x86_64-fedora-gcc 0.0.11 1420.81 OK
r-devel-windows-ix86+x86_64 0.0.11 2661.00 132.00 2793.00 NOTE
r-patched-linux-x86_64 0.0.11 797.14 40.94 838.08 OK
r-patched-solaris-x86 0.0.11 1132.80 OK
r-release-linux-x86_64 0.0.11 788.76 41.12 829.88 OK
r-release-osx-x86_64 0.0.11 NOTE
r-release-windows-ix86+x86_64 0.0.11 1959.00 100.00 2059.00 NOTE
r-oldrel-osx-x86_64 0.0.11 NOTE
r-oldrel-windows-ix86+x86_64 0.0.11 2152.00 138.00 2290.00 NOTE

Check Details

Version: 0.0.11
Check: installed package size
Result: NOTE
     installed size is 20.8Mb
     sub-directories of 1Mb or more:
     data 2.0Mb
     libs 18.6Mb
Flavors: r-devel-linux-x86_64-fedora-clang, r-devel-windows-ix86+x86_64, r-release-osx-x86_64, r-release-windows-ix86+x86_64, r-oldrel-osx-x86_64, r-oldrel-windows-ix86+x86_64

Version: 0.0.11
Check: Rd cross-references
Result: NOTE
    Undeclared package ‘MCMCpack’ in Rd xrefs
Flavor: r-devel-linux-x86_64-fedora-clang