CRAN Package Check Results for Package emhawkes

Last updated on 2021-02-27 02:48:23 CET.

Flavor Version Tinstall Tcheck Ttotal Status Flags
r-devel-linux-x86_64-debian-clang 0.9.5 5.55 278.82 284.37 OK
r-devel-linux-x86_64-debian-gcc 0.9.5 5.02 184.21 189.23 OK
r-devel-linux-x86_64-fedora-clang 0.9.5 340.22 OK
r-devel-linux-x86_64-fedora-gcc 0.9.5 320.51 OK
r-devel-windows-ix86+x86_64 0.9.0 8.00 305.00 313.00 NOTE
r-patched-linux-x86_64 0.9.5 5.80 259.05 264.85 OK
r-patched-solaris-x86 0.9.5 410.20 OK
r-release-linux-x86_64 0.9.5 5.69 259.80 265.49 OK
r-release-macos-x86_64 0.9.5 OK
r-release-windows-ix86+x86_64 0.9.0 25.00 400.00 425.00 NOTE
r-oldrel-macos-x86_64 0.9.5 OK
r-oldrel-windows-ix86+x86_64 0.9.0 7.00 427.00 434.00 OK

Check Details

Version: 0.9.0
Check: package vignettes
Result: NOTE
    Package vignette with placeholder title 'Vignette Title':
     'example.Rmd'
Flavors: r-devel-windows-ix86+x86_64, r-release-windows-ix86+x86_64