CRAN Package Check Results for Package entcn

Last updated on 2020-11-27 02:47:04 CET.

Flavor Version Tinstall Tcheck Ttotal Status Flags
r-devel-linux-x86_64-debian-clang 0.1.0 2.33 21.18 23.51 OK
r-devel-linux-x86_64-debian-gcc 0.1.0 2.09 16.80 18.89 OK
r-devel-linux-x86_64-fedora-clang 0.1.0 33.58 NOTE
r-devel-linux-x86_64-fedora-gcc 0.1.0 24.06 NOTE
r-devel-windows-ix86+x86_64 0.1.0 5.00 34.00 39.00 OK
r-patched-linux-x86_64 0.1.0 2.46 20.84 23.30 OK
r-patched-solaris-x86 0.1.0 39.10 NOTE
r-release-linux-x86_64 0.1.0 2.49 21.72 24.21 OK
r-release-macos-x86_64 0.1.0 NOTE
r-release-windows-ix86+x86_64 0.1.0 6.00 37.00 43.00 OK
r-oldrel-macos-x86_64 0.1.0 NOTE
r-oldrel-windows-ix86+x86_64 0.1.0 4.00 34.00 38.00 OK

Check Details

Version: 0.1.0
Check: dependencies in R code
Result: NOTE
    Namespaces in Imports field not imported from:
     ‘RCurl’ ‘bitops’ ‘rjson’
     All declared Imports should be used.
Flavors: r-devel-linux-x86_64-fedora-clang, r-devel-linux-x86_64-fedora-gcc, r-patched-solaris-x86, r-release-macos-x86_64, r-oldrel-macos-x86_64