CRAN Package Check Results for Package eoffice

Last updated on 2021-04-16 02:47:20 CEST.

Flavor Version Tinstall Tcheck Ttotal Status Flags
r-devel-linux-x86_64-debian-clang 0.2.1 8.95 91.63 100.58 NOTE
r-devel-linux-x86_64-debian-gcc 0.2.1 7.05 68.01 75.06 NOTE
r-devel-linux-x86_64-fedora-clang 0.2.1 130.15 NOTE
r-devel-linux-x86_64-fedora-gcc 0.2.1 115.02 NOTE
r-devel-windows-ix86+x86_64 0.2.1 27.00 125.00 152.00 NOTE
r-devel-windows-x86_64-gcc10-UCRT 0.2.1 NOTE
r-patched-linux-x86_64 0.2.1 7.81 87.33 95.14 OK
r-patched-solaris-x86 0.2.1 171.50 OK
r-release-linux-x86_64 0.2.1 9.11 87.23 96.34 OK
r-release-macos-x86_64 0.2.1 OK
r-release-windows-ix86+x86_64 0.2.1 24.00 135.00 159.00 OK
r-oldrel-macos-x86_64 0.2.1 OK
r-oldrel-windows-ix86+x86_64 0.2.1 14.00 106.00 120.00 OK

Check Details

Version: 0.2.1
Check: LazyData
Result: NOTE
     'LazyData' is specified without a 'data' directory
Flavors: r-devel-linux-x86_64-debian-clang, r-devel-linux-x86_64-debian-gcc, r-devel-linux-x86_64-fedora-clang, r-devel-linux-x86_64-fedora-gcc, r-devel-windows-ix86+x86_64, r-devel-windows-x86_64-gcc10-UCRT