CRAN Package Check Results for Package epikit

Last updated on 2020-11-28 02:48:55 CET.

Flavor Version Tinstall Tcheck Ttotal Status Flags
r-devel-linux-x86_64-debian-clang 0.1.2 3.91 33.88 37.79 NOTE
r-devel-linux-x86_64-debian-gcc 0.1.2 2.91 27.29 30.20 NOTE
r-devel-linux-x86_64-fedora-clang 0.1.2 51.88 NOTE
r-devel-linux-x86_64-fedora-gcc 0.1.2 41.45 NOTE
r-devel-windows-ix86+x86_64 0.1.2 7.00 48.00 55.00 NOTE
r-patched-linux-x86_64 0.1.2 3.81 33.98 37.79 NOTE
r-patched-solaris-x86 0.1.2 62.80 NOTE
r-release-linux-x86_64 0.1.2 3.56 33.14 36.70 NOTE
r-release-macos-x86_64 0.1.2 NOTE
r-release-windows-ix86+x86_64 0.1.2 7.00 56.00 63.00 NOTE
r-oldrel-macos-x86_64 0.1.2 NOTE
r-oldrel-windows-ix86+x86_64 0.1.2 4.00 46.00 50.00 NOTE

Check Details

Version: 0.1.2
Check: package dependencies
Result: NOTE
    Package suggested but not available for checking: 'epidict'
Flavors: r-devel-linux-x86_64-debian-clang, r-devel-linux-x86_64-debian-gcc, r-devel-linux-x86_64-fedora-clang, r-devel-linux-x86_64-fedora-gcc, r-devel-windows-ix86+x86_64, r-patched-linux-x86_64, r-patched-solaris-x86, r-release-linux-x86_64, r-release-macos-x86_64, r-release-windows-ix86+x86_64, r-oldrel-macos-x86_64, r-oldrel-windows-ix86+x86_64