Last updated on 2022-08-13 05:54:01 CEST.
Flavor | Version | Tinstall | Tcheck | Ttotal | Status | Flags |
---|---|---|---|---|---|---|
r-devel-linux-x86_64-debian-clang | 2.0.3 | 19.94 | 144.22 | 164.16 | NOTE | |
r-devel-linux-x86_64-debian-gcc | 2.0.3 | 16.01 | 107.02 | 123.03 | NOTE | |
r-devel-linux-x86_64-fedora-clang | 2.0.3 | 215.88 | NOTE | |||
r-devel-linux-x86_64-fedora-gcc | 2.0.3 | 208.42 | NOTE | |||
r-devel-windows-x86_64 | 2.0.3 | 71.00 | 181.00 | 252.00 | NOTE | |
r-patched-linux-x86_64 | 2.0.3 | 15.02 | 135.22 | 150.24 | NOTE | |
r-release-linux-x86_64 | 2.0.3 | 12.92 | 136.63 | 149.55 | NOTE | |
r-release-macos-arm64 | 2.0.3 | 81.00 | NOTE | |||
r-release-macos-x86_64 | 2.0.3 | 111.00 | NOTE | |||
r-release-windows-x86_64 | 2.0.3 | 73.00 | 179.00 | 252.00 | NOTE | |
r-oldrel-macos-arm64 | 2.0.3 | 102.00 | NOTE | |||
r-oldrel-macos-x86_64 | 2.0.3 | 70.00 | NOTE | |||
r-oldrel-windows-ix86+x86_64 | 2.0.3 | 42.00 | 185.00 | 227.00 | NOTE |
Version: 2.0.3
Check: package dependencies
Result: NOTE
Package suggested but not available for checking: 'taskscheduleR'
Flavors: r-devel-linux-x86_64-debian-clang, r-devel-linux-x86_64-debian-gcc, r-devel-linux-x86_64-fedora-gcc, r-patched-linux-x86_64, r-release-linux-x86_64, r-release-macos-arm64, r-release-macos-x86_64, r-oldrel-macos-arm64, r-oldrel-macos-x86_64
Version: 2.0.3
Check: package dependencies
Result: NOTE
Package suggested but not available for checking: ‘taskscheduleR’
Imports includes 33 non-default packages.
Importing from so many packages makes the package vulnerable to any of
them becoming unavailable. Move as many as possible to Suggests and
use conditionally.
Flavor: r-devel-linux-x86_64-fedora-clang
Version: 2.0.3
Check: installed package size
Result: NOTE
installed size is 5.2Mb
sub-directories of 1Mb or more:
doc 3.1Mb
java 1.3Mb
Flavors: r-devel-linux-x86_64-fedora-clang, r-devel-windows-x86_64, r-release-macos-arm64, r-release-macos-x86_64, r-release-windows-x86_64, r-oldrel-macos-arm64, r-oldrel-macos-x86_64, r-oldrel-windows-ix86+x86_64
Version: 2.0.3
Check: dependencies in R code
Result: NOTE
Namespaces in Imports field not imported from:
‘httpuv’ ‘knitr’ ‘plyr’ ‘tidyverse’ ‘tokenizers’ ‘xml2’
All declared Imports should be used.
Flavors: r-devel-linux-x86_64-fedora-clang, r-devel-linux-x86_64-fedora-gcc, r-release-macos-arm64, r-release-macos-x86_64, r-oldrel-macos-arm64, r-oldrel-macos-x86_64