Last updated on 2023-06-06 02:55:40 CEST.
Flavor | Version | Tinstall | Tcheck | Ttotal | Status | Flags |
---|---|---|---|---|---|---|
r-devel-linux-x86_64-debian-clang | 1.0 | 4.29 | 53.97 | 58.26 | NOTE | |
r-devel-linux-x86_64-debian-gcc | 1.0 | 3.14 | 41.11 | 44.25 | NOTE | |
r-devel-linux-x86_64-fedora-clang | 1.0 | 73.10 | NOTE | |||
r-devel-linux-x86_64-fedora-gcc | 1.0 | 69.80 | NOTE | |||
r-devel-windows-x86_64 | 1.0 | 4.00 | 64.00 | 68.00 | NOTE | |
r-patched-linux-x86_64 | 1.0 | 5.45 | 51.76 | 57.21 | NOTE | |
r-release-linux-x86_64 | 1.0 | 4.07 | 52.86 | 56.93 | NOTE | |
r-release-macos-arm64 | 1.0 | 25.00 | NOTE | |||
r-release-macos-x86_64 | 1.0 | 42.00 | NOTE | |||
r-release-windows-x86_64 | 1.0 | 4.00 | 70.00 | 74.00 | NOTE | |
r-oldrel-macos-arm64 | 1.0 | 23.00 | NOTE | |||
r-oldrel-macos-x86_64 | 1.0 | 32.00 | NOTE | |||
r-oldrel-windows-x86_64 | 1.0 | 7.00 | 71.00 | 78.00 | NOTE |
Version: 1.0
Check: Rd \usage sections
Result: NOTE
S3 methods shown with full name in documentation object ‘summary.error_interval’:
‘summary.error_interval’
S3 methods shown with full name in documentation object ‘summary.measure’:
‘summary.measure’
The \usage entries for S3 methods should use the \method markup and not
their full name.
See chapter ‘Writing R documentation files’ in the ‘Writing R
Extensions’ manual.
Flavors: r-devel-linux-x86_64-debian-clang, r-devel-linux-x86_64-debian-gcc, r-devel-linux-x86_64-fedora-clang, r-devel-linux-x86_64-fedora-gcc, r-devel-windows-x86_64, r-patched-linux-x86_64, r-release-linux-x86_64, r-release-macos-arm64, r-release-macos-x86_64, r-release-windows-x86_64
Version: 1.0
Check: LazyData
Result: NOTE
'LazyData' is specified without a 'data' directory
Flavors: r-devel-linux-x86_64-debian-clang, r-devel-linux-x86_64-debian-gcc, r-devel-linux-x86_64-fedora-clang, r-devel-linux-x86_64-fedora-gcc, r-devel-windows-x86_64, r-patched-linux-x86_64, r-release-linux-x86_64, r-release-macos-arm64, r-release-macos-x86_64, r-release-windows-x86_64, r-oldrel-macos-arm64, r-oldrel-macos-x86_64, r-oldrel-windows-x86_64