CRAN Package Check Results for Package eseis

Last updated on 2021-03-04 02:48:09 CET.

Flavor Version Tinstall Tcheck Ttotal Status Flags
r-devel-linux-x86_64-debian-clang 0.5.0 38.42 153.67 192.09 OK
r-devel-linux-x86_64-debian-gcc 0.5.0 25.60 115.23 140.83 OK
r-devel-linux-x86_64-fedora-clang 0.5.0 312.00 OK
r-devel-linux-x86_64-fedora-gcc 0.5.0 307.77 OK
r-devel-windows-ix86+x86_64 0.5.0 90.00 296.00 386.00 OK
r-patched-linux-x86_64 0.5.0 32.23 144.89 177.12 OK
r-patched-solaris-x86 0.5.0 284.90 OK
r-release-linux-x86_64 0.5.0 33.48 143.50 176.98 OK
r-release-macos-x86_64 0.5.0 OK
r-release-windows-ix86+x86_64 0.5.0 71.00 234.00 305.00 OK
r-oldrel-macos-x86_64 0.5.0 NOTE
r-oldrel-windows-ix86+x86_64 0.5.0 84.00 272.00 356.00 OK

Check Details

Version: 0.5.0
Check: dependencies in R code
Result: NOTE
    No protocol specified
Flavor: r-oldrel-macos-x86_64