CRAN Package Check Results for Package etree

Last updated on 2023-01-28 02:57:17 CET.

Flavor Version Tinstall Tcheck Ttotal Status Flags
r-devel-linux-x86_64-debian-clang 0.1.0 0.88 1.89 2.77 ERROR
r-devel-linux-x86_64-debian-gcc 0.1.0 0.69 1.51 2.20 ERROR
r-devel-linux-x86_64-fedora-clang 0.1.0 2.22 ERROR
r-devel-linux-x86_64-fedora-gcc 0.1.0 2.35 ERROR
r-devel-windows-x86_64 0.1.0 71.00 451.00 522.00 OK
r-patched-linux-x86_64 0.1.0 0.60 3.09 3.69 ERROR
r-release-linux-x86_64 0.1.0 0.54 3.18 3.72 ERROR
r-release-macos-arm64 0.1.0 154.00 OK
r-release-macos-x86_64 0.1.0 200.00 OK
r-release-windows-x86_64 0.1.0 60.00 454.00 514.00 OK
r-oldrel-macos-arm64 0.1.0 148.00 OK
r-oldrel-macos-x86_64 0.1.0 199.00 OK
r-oldrel-windows-ix86+x86_64 0.1.0 31.00 463.00 494.00 OK

Check Details

Version: 0.1.0
Check: package dependencies
Result: ERROR
    Package required but not available: ‘TDA’
    
    See section ‘The DESCRIPTION file’ in the ‘Writing R Extensions’
    manual.
Flavors: r-devel-linux-x86_64-debian-clang, r-devel-linux-x86_64-debian-gcc, r-devel-linux-x86_64-fedora-clang, r-devel-linux-x86_64-fedora-gcc, r-patched-linux-x86_64, r-release-linux-x86_64