CRAN Package Check Results for Package extraDistr

Last updated on 2021-09-21 02:48:54 CEST.

Flavor Version Tinstall Tcheck Ttotal Status Flags
r-devel-linux-x86_64-debian-clang 1.9.1 517.16 84.20 601.36 NOTE
r-devel-linux-x86_64-debian-gcc 1.9.1 303.50 65.19 368.69 NOTE
r-devel-linux-x86_64-fedora-clang 1.9.1 862.38 NOTE
r-devel-linux-x86_64-fedora-gcc 1.9.1 715.87 NOTE
r-devel-windows-x86_64 1.9.1 451.00 102.00 553.00 NOTE
r-devel-windows-x86_64-gcc10-UCRT 1.9.1 ERROR
r-patched-linux-x86_64 1.9.1 387.94 83.21 471.15 NOTE
r-patched-solaris-x86 1.9.1 606.50 NOTE
r-release-linux-x86_64 1.9.1 386.74 83.31 470.05 NOTE
r-release-macos-arm64 1.9.1 NOTE
r-release-macos-x86_64 1.9.1 NOTE
r-release-windows-ix86+x86_64 1.9.1 1106.00 163.00 1269.00 NOTE
r-oldrel-macos-x86_64 1.9.1 NOTE
r-oldrel-windows-ix86+x86_64 1.9.1 1077.00 157.00 1234.00 OK

Check Details

Version: 1.9.1
Check: LazyData
Result: NOTE
     'LazyData' is specified without a 'data' directory
Flavors: r-devel-linux-x86_64-debian-clang, r-devel-linux-x86_64-debian-gcc, r-devel-linux-x86_64-fedora-clang, r-devel-linux-x86_64-fedora-gcc, r-devel-windows-x86_64, r-patched-linux-x86_64, r-patched-solaris-x86, r-release-linux-x86_64, r-release-macos-arm64, r-release-macos-x86_64, r-release-windows-ix86+x86_64

Version: 1.9.1
Check: installed package size
Result: NOTE
     installed size is 14.4Mb
     sub-directories of 1Mb or more:
     libs 13.7Mb
Flavors: r-devel-linux-x86_64-fedora-clang, r-release-macos-arm64, r-release-macos-x86_64, r-oldrel-macos-x86_64

Version: 1.9.1
Check: whether package can be installed
Result: ERROR
    Installation failed.
Flavor: r-devel-windows-x86_64-gcc10-UCRT