CRAN Package Check Results for Package factormodel

Last updated on 2022-07-02 02:53:02 CEST.

Flavor Version Tinstall Tcheck Ttotal Status Flags
r-devel-linux-x86_64-debian-clang 1.0 2.09 45.51 47.60 OK
r-devel-linux-x86_64-debian-gcc 1.0 2.06 33.12 35.18 OK
r-devel-linux-x86_64-fedora-clang 1.0 67.86 WARN
r-devel-linux-x86_64-fedora-gcc 1.0 65.31 WARN
r-devel-windows-x86_64 1.0 11.00 73.00 84.00 OK
r-patched-linux-x86_64 1.0 2.38 42.12 44.50 OK
r-release-linux-x86_64 1.0 1.90 43.28 45.18 OK
r-release-macos-arm64 1.0 21.00 NOTE
r-release-macos-x86_64 1.0 39.00 NOTE
r-release-windows-x86_64 1.0 22.00 78.00 100.00 OK
r-oldrel-macos-arm64 1.0 26.00 NOTE
r-oldrel-macos-x86_64 1.0 30.00 NOTE
r-oldrel-windows-ix86+x86_64 1.0 7.00 63.00 70.00 OK

Check Details

Version: 1.0
Check: package dependencies
Result: WARN
    Requires orphaned package: ‘gtools’
Flavors: r-devel-linux-x86_64-fedora-clang, r-devel-linux-x86_64-fedora-gcc

Version: 1.0
Check: dependencies in R code
Result: NOTE
    Namespace in Imports field not imported from: ‘dplyr’
     All declared Imports should be used.
Flavors: r-devel-linux-x86_64-fedora-clang, r-devel-linux-x86_64-fedora-gcc, r-release-macos-arm64, r-release-macos-x86_64, r-oldrel-macos-arm64, r-oldrel-macos-x86_64